{"id":469,"date":"2021-12-05T20:27:14","date_gmt":"2021-12-05T20:27:14","guid":{"rendered":"https:\/\/prcfutaleufu.cl\/?page_id=469"},"modified":"2021-12-12T20:28:49","modified_gmt":"2021-12-12T20:28:49","slug":"con-exito-concluyo-la-tercera-jornada-de-participacion-ciudadana-del-plan-regulador-comunal-de-futaleufu","status":"publish","type":"page","link":"https:\/\/prcfutaleufu.cl\/en\/con-exito-concluyo-la-tercera-jornada-de-participacion-ciudadana-del-plan-regulador-comunal-de-futaleufu\/","title":{"rendered":"Con \u00e9xito concluy\u00f3 la Tercera Jornada de Participaci\u00f3n Ciudadana del Plan Regulador Comunal de Futaleuf\u00fa"},"content":{"rendered":"<div class=\"fusion-fullwidth fullwidth-box fusion-builder-row-1 fusion-flex-container nonhundred-percent-fullwidth non-hundred-percent-height-scrolling\" style=\"background-color: rgba(255,255,255,0);background-position: center center;background-repeat: no-repeat;border-width: 0px 0px 0px 0px;border-color:#e2e2e2;border-style:solid;\" ><div class=\"fusion-builder-row fusion-row fusion-flex-align-items-flex-start\" style=\"max-width:1248px;margin-left: calc(-4% \/ 2 );margin-right: calc(-4% \/ 2 );\"><div class=\"fusion-layout-column fusion_builder_column fusion-builder-column-0 fusion_builder_column_1_1 1_1 fusion-flex-column\"><div class=\"fusion-column-wrapper fusion-flex-justify-content-flex-start fusion-content-layout-column\" style=\"background-position:left top;background-repeat:no-repeat;-webkit-background-size:cover;-moz-background-size:cover;-o-background-size:cover;background-size:cover;padding: 0px 0px 0px 0px;\"><div class=\"fusion-text fusion-text-1\"><h2>Con \u00e9xito concluy\u00f3 la Tercera Jornada de Participaci\u00f3n Ciudadana del Plan Regulador Comunal de Futaleuf\u00fa<\/h2>\n<\/div><div class=\"fusion-separator\" style=\"align-self: flex-start;margin-right:auto;margin-bottom:40px;width:100%;max-width:50%;\"><div class=\"fusion-separator-border sep-single sep-solid\" style=\"border-color:#6ec1e4;border-top-width:2px;\"><\/div><\/div><div style=\"text-align:center;\"><span class=\"fusion-imageframe imageframe-glow imageframe-1 hover-type-none\" style=\"-webkit-box-shadow: 0 0 3px rgba(0,0,0,0.3);box-shadow: 0 0 3px rgba(0,0,0,0.3);\"><img decoding=\"async\" width=\"1024\" height=\"768\" title=\"WhatsApp Image 2021-12-01 at 18.28.25 (4)\" src=\"https:\/\/prcfutaleufu.cl\/wp-content\/uploads\/2021\/12\/WhatsApp-Image-2021-12-01-at-18.28.25-4-1024x768.jpeg\" class=\"img-responsive wp-image-466\" srcset=\"https:\/\/prcfutaleufu.cl\/wp-content\/uploads\/2021\/12\/WhatsApp-Image-2021-12-01-at-18.28.25-4-200x150.jpeg 200w, https:\/\/prcfutaleufu.cl\/wp-content\/uploads\/2021\/12\/WhatsApp-Image-2021-12-01-at-18.28.25-4-400x300.jpeg 400w, https:\/\/prcfutaleufu.cl\/wp-content\/uploads\/2021\/12\/WhatsApp-Image-2021-12-01-at-18.28.25-4-600x450.jpeg 600w, https:\/\/prcfutaleufu.cl\/wp-content\/uploads\/2021\/12\/WhatsApp-Image-2021-12-01-at-18.28.25-4-800x600.jpeg 800w, https:\/\/prcfutaleufu.cl\/wp-content\/uploads\/2021\/12\/WhatsApp-Image-2021-12-01-at-18.28.25-4-1200x900.jpeg 1200w, https:\/\/prcfutaleufu.cl\/wp-content\/uploads\/2021\/12\/WhatsApp-Image-2021-12-01-at-18.28.25-4.jpeg 1600w\" sizes=\"(max-width: 640px) 100vw, 1200px\" \/><\/span><\/div><div class=\"fusion-separator\" style=\"align-self: flex-start;margin-right:auto;margin-bottom:40px;width:100%;max-width:50%;\"><\/div><div class=\"fusion-text fusion-text-2\"><p>FUTALEUF\u00da, diciembre 3.- Viento en popa avanza el proyecto para dar origen al Primer Plan Regulador Comunal de Futaleuf\u00fa, luego que finalizara con importante asistencia la tercera jornada de participaciones ciudadanas asociadas al desarrollo del proyecto.<\/p>\n<p>Durante la semana del 28 de noviembre al 3 de diciembre, diferentes representantes de la comunidad asistieron a talleres ciudadanos que forman parte del desarrollo de la Imagen Objetivo. En un total de ocho reuniones participativas, se expuso a la comunidad dos propuestas sobre l\u00edmites urbanos, zonas de expansi\u00f3n, equipamientos, zonas de \u00e1reas verdes, de protecci\u00f3n y de riesgos. Ambas iniciativas, fueron el resultado de los dos primeros talleres donde se recogi\u00f3 los intereses de los habitantes de la comuna.<br \/>\nActores p\u00fablicos, privados, comunidad en general y adultos mayores entregaron sus opiniones y entregaron sus aportes para delinear una propuesta que en la pr\u00f3xima visita ser\u00e1 expuesta en consulta p\u00fablica ante la comunidad.<\/p>\n<p>Todos los detalles y avances del proyecto est\u00e1n disponible en el sitio web de la municipalidad <a href=\"http:\/\/www.futaleufu.cl\" target=\"_blank\" rel=\"noopener\">www.futaleufu.cl<\/a> o en el sitio del plan regulador comunal <a href=\"https:\/\/prcfutaleufu.cl\/en\/\">www.prcfutaleufu.cl<\/a><\/p>\n<\/div><div class=\"fusion-separator\" style=\"align-self: flex-start;margin-right:auto;margin-bottom:40px;width:100%;max-width:50%;\"><\/div><\/div><style type=\"text\/css\">.fusion-body .fusion-builder-column-0{width:100% !important;margin-top : 0px;margin-bottom : 0px;}.fusion-builder-column-0 > .fusion-column-wrapper {padding-top : 0px !important;padding-right : 0px !important;margin-right : 1.92%;padding-bottom : 0px !important;padding-left : 0px !important;margin-left : 1.92%;}@media only screen and (max-width:1024px) {.fusion-body .fusion-builder-column-0{width:100% !important;order : 0;}.fusion-builder-column-0 > .fusion-column-wrapper {margin-right : 1.92%;margin-left : 1.92%;}}@media only screen and (max-width:640px) {.fusion-body .fusion-builder-column-0{width:100% !important;order : 0;}.fusion-builder-column-0 > .fusion-column-wrapper {margin-right : 1.92%;margin-left : 1.92%;}}<\/style><\/div><\/div><style type=\"text\/css\">.fusion-body .fusion-flex-container.fusion-builder-row-1{ padding-top : 0px;margin-top : 0px;padding-right : 0px;padding-bottom : 0px;margin-bottom : 0px;padding-left : 0px;}<\/style><\/div>","protected":false},"excerpt":{"rendered":"","protected":false},"author":1,"featured_media":0,"parent":0,"menu_order":0,"comment_status":"closed","ping_status":"closed","template":"","meta":{"footnotes":""},"class_list":["post-469","page","type-page","status-publish","hentry"],"_links":{"self":[{"href":"https:\/\/prcfutaleufu.cl\/en\/wp-json\/wp\/v2\/pages\/469","targetHints":{"allow":["GET"]}}],"collection":[{"href":"https:\/\/prcfutaleufu.cl\/en\/wp-json\/wp\/v2\/pages"}],"about":[{"href":"https:\/\/prcfutaleufu.cl\/en\/wp-json\/wp\/v2\/types\/page"}],"author":[{"embeddable":true,"href":"https:\/\/prcfutaleufu.cl\/en\/wp-json\/wp\/v2\/users\/1"}],"replies":[{"embeddable":true,"href":"https:\/\/prcfutaleufu.cl\/en\/wp-json\/wp\/v2\/comments?post=469"}],"version-history":[{"count":3,"href":"https:\/\/prcfutaleufu.cl\/en\/wp-json\/wp\/v2\/pages\/469\/revisions"}],"predecessor-version":[{"id":715,"href":"https:\/\/prcfutaleufu.cl\/en\/wp-json\/wp\/v2\/pages\/469\/revisions\/715"}],"wp:attachment":[{"href":"https:\/\/prcfutaleufu.cl\/en\/wp-json\/wp\/v2\/media?parent=469"}],"curies":[{"name":"wp","href":"https:\/\/api.w.org\/{rel}","templated":true}]}}

Con éxito concluyó la Tercera Jornada de Participación Ciudadana del Plan Regulador Comunal de Futaleufú

<div class="fusion-fullwidth fullwidth-box fusion-builder-row-1 fusion-flex-container nonhundred-percent-fullwidth non-hundred-percent-height-scrolling" style="background-color: rgba(255,255,255,0);background-position: center center;background-repeat: no-repeat;border-width: 0px 0px 0px 0px;border-color:#e2e2e2;border-style:solid;" ><div class="fusion-builder-row fusion-row fusion-flex-align-items-flex-start" style="max-width:1248px;margin-left: calc(-4% / 2 );margin-right: calc(-4% / 2 );"><div class="fusion-layout-column fusion_builder_column fusion-builder-column-0 fusion_builder_column_1_1 1_1 fusion-flex-column"><div class="fusion-column-wrapper fusion-flex-justify-content-flex-start fusion-content-layout-column" style="background-position:left top;background-repeat:no-repeat;-webkit-background-size:cover;-moz-background-size:cover;-o-background-size:cover;background-size:cover;padding: 0px 0px 0px 0px;"><div class="fusion-text fusion-text-1"><h2>Con éxito concluyó la Tercera Jornada de Participación Ciudadana del Plan Regulador Comunal de Futaleufú</h2>
</div><div class="fusion-separator" style="align-self: flex-start;margin-right:auto;margin-bottom:40px;width:100%;max-width:50%;"><div class="fusion-separator-border sep-single sep-solid" style="border-color:#6ec1e4;border-top-width:2px;"></div></div><div style="text-align:center;"><span class="fusion-imageframe imageframe-glow imageframe-1 hover-type-none" style="-webkit-box-shadow: 0 0 3px rgba(0,0,0,0.3);box-shadow: 0 0 3px rgba(0,0,0,0.3);"><img decoding="async" width="1024" height="768" title="WhatsApp Image 2021-12-01 at 18.28.25 (4)" src="https://prcfutaleufu.cl/wp-content/uploads/2021/12/WhatsApp-Image-2021-12-01-at-18.28.25-4-1024x768.jpeg" class="img-responsive wp-image-466" srcset="https://prcfutaleufu.cl/wp-content/uploads/2021/12/WhatsApp-Image-2021-12-01-at-18.28.25-4-200x150.jpeg 200w, https://prcfutaleufu.cl/wp-content/uploads/2021/12/WhatsApp-Image-2021-12-01-at-18.28.25-4-400x300.jpeg 400w, https://prcfutaleufu.cl/wp-content/uploads/2021/12/WhatsApp-Image-2021-12-01-at-18.28.25-4-600x450.jpeg 600w, https://prcfutaleufu.cl/wp-content/uploads/2021/12/WhatsApp-Image-2021-12-01-at-18.28.25-4-800x600.jpeg 800w, https://prcfutaleufu.cl/wp-content/uploads/2021/12/WhatsApp-Image-2021-12-01-at-18.28.25-4-1200x900.jpeg 1200w, https://prcfutaleufu.cl/wp-content/uploads/2021/12/WhatsApp-Image-2021-12-01-at-18.28.25-4.jpeg 1600w" sizes="(max-width: 640px) 100vw, 1200px" /></span></div><div class="fusion-separator" style="align-self: flex-start;margin-right:auto;margin-bottom:40px;width:100%;max-width:50%;"></div><div class="fusion-text fusion-text-2"><p>FUTALEUFÚ, diciembre 3.- Viento en popa avanza el proyecto para dar origen al Primer Plan Regulador Comunal de Futaleufú, luego que finalizara con importante asistencia la tercera jornada de participaciones ciudadanas asociadas al desarrollo del proyecto.</p>
<p>Durante la semana del 28 de noviembre al 3 de diciembre, diferentes representantes de la comunidad asistieron a talleres ciudadanos que forman parte del desarrollo de la Imagen Objetivo. En un total de ocho reuniones participativas, se expuso a la comunidad dos propuestas sobre límites urbanos, zonas de expansión, equipamientos, zonas de áreas verdes, de protección y de riesgos. Ambas iniciativas, fueron el resultado de los dos primeros talleres donde se recogió los intereses de los habitantes de la comuna.<br />
Actores públicos, privados, comunidad en general y adultos mayores entregaron sus opiniones y entregaron sus aportes para delinear una propuesta que en la próxima visita será expuesta en consulta pública ante la comunidad.</p>
<p>Todos los detalles y avances del proyecto están disponible en el sitio web de la municipalidad <a href="http://www.futaleufu.cl" target="_blank" rel="noopener">www.futaleufu.cl</a> o en el sitio del plan regulador comunal <a href="https://prcfutaleufu.cl/en/">www.prcfutaleufu.cl</a></p>
</div><div class="fusion-separator" style="align-self: flex-start;margin-right:auto;margin-bottom:40px;width:100%;max-width:50%;"></div></div><style type="text/css">.fusion-body .fusion-builder-column-0{width:100% !important;margin-top : 0px;margin-bottom : 0px;}.fusion-builder-column-0 > .fusion-column-wrapper {padding-top : 0px !important;padding-right : 0px !important;margin-right : 1.92%;padding-bottom : 0px !important;padding-left : 0px !important;margin-left : 1.92%;}@media only screen and (max-width:1024px) {.fusion-body .fusion-builder-column-0{width:100% !important;order : 0;}.fusion-builder-column-0 > .fusion-column-wrapper {margin-right : 1.92%;margin-left : 1.92%;}}@media only screen and (max-width:640px) {.fusion-body .fusion-builder-column-0{width:100% !important;order : 0;}.fusion-builder-column-0 > .fusion-column-wrapper {margin-right : 1.92%;margin-left : 1.92%;}}</style></div></div><style type="text/css">.fusion-body .fusion-flex-container.fusion-builder-row-1{ padding-top : 0px;margin-top : 0px;padding-right : 0px;padding-bottom : 0px;margin-bottom : 0px;padding-left : 0px;}</style></div>
