{"id":434,"date":"2021-10-29T09:31:48","date_gmt":"2021-10-29T09:31:48","guid":{"rendered":"https:\/\/prcfutaleufu.cl\/?page_id=434"},"modified":"2021-10-29T09:31:48","modified_gmt":"2021-10-29T09:31:48","slug":"se-acercan-nuevas-jornadas-participativas-del-plan-regulador-comunal","status":"publish","type":"page","link":"https:\/\/prcfutaleufu.cl\/en\/se-acercan-nuevas-jornadas-participativas-del-plan-regulador-comunal\/","title":{"rendered":"\u00a1Se acercan nuevas jornadas participativas del Plan Regulador Comunal!"},"content":{"rendered":"<div class=\"fusion-fullwidth fullwidth-box fusion-builder-row-1 fusion-flex-container nonhundred-percent-fullwidth non-hundred-percent-height-scrolling\" style=\"background-color: rgba(255,255,255,0);background-position: center center;background-repeat: no-repeat;border-width: 0px 0px 0px 0px;border-color:#e2e2e2;border-style:solid;\" ><div class=\"fusion-builder-row fusion-row fusion-flex-align-items-flex-start\" style=\"max-width:1248px;margin-left: calc(-4% \/ 2 );margin-right: calc(-4% \/ 2 );\"><div class=\"fusion-layout-column fusion_builder_column fusion-builder-column-0 fusion_builder_column_1_1 1_1 fusion-flex-column\"><div class=\"fusion-column-wrapper fusion-flex-justify-content-flex-start fusion-content-layout-column\" style=\"background-position:left top;background-repeat:no-repeat;-webkit-background-size:cover;-moz-background-size:cover;-o-background-size:cover;background-size:cover;padding: 0px 0px 0px 0px;\"><div class=\"fusion-text fusion-text-1\"><h2><strong>\u00a1Se acercan nuevas jornadas participativas del Plan Regulador Comunal!<\/strong><\/h2>\n<\/div><div class=\"fusion-separator\" style=\"align-self: flex-start;margin-right:auto;margin-bottom:40px;width:100%;max-width:50%;\"><div class=\"fusion-separator-border sep-single sep-solid\" style=\"border-color:#6ec1e4;border-top-width:2px;\"><\/div><\/div><div style=\"text-align:center;\"><span class=\"fusion-imageframe imageframe-glow imageframe-1 hover-type-none\" style=\"-webkit-box-shadow: 0 0 3px rgba(0,0,0,0.3);box-shadow: 0 0 3px rgba(0,0,0,0.3);\"><img decoding=\"async\" width=\"1024\" height=\"576\" title=\"foto noticia 8 web\" src=\"https:\/\/prcfutaleufu.cl\/wp-content\/uploads\/2021\/10\/foto-noticia-8-web-1024x576.jpg\" class=\"img-responsive wp-image-435\" srcset=\"https:\/\/prcfutaleufu.cl\/wp-content\/uploads\/2021\/10\/foto-noticia-8-web-200x113.jpg 200w, https:\/\/prcfutaleufu.cl\/wp-content\/uploads\/2021\/10\/foto-noticia-8-web-400x225.jpg 400w, https:\/\/prcfutaleufu.cl\/wp-content\/uploads\/2021\/10\/foto-noticia-8-web-600x338.jpg 600w, https:\/\/prcfutaleufu.cl\/wp-content\/uploads\/2021\/10\/foto-noticia-8-web-800x450.jpg 800w, https:\/\/prcfutaleufu.cl\/wp-content\/uploads\/2021\/10\/foto-noticia-8-web-1200x675.jpg 1200w\" sizes=\"(max-width: 640px) 100vw, 1200px\" \/><\/span><\/div><div class=\"fusion-separator\" style=\"align-self: flex-start;margin-right:auto;margin-bottom:40px;width:100%;max-width:50%;\"><\/div><div class=\"fusion-text fusion-text-2\"><p>La Municipalidad de Futaleuf\u00fa, en conjunto con la empresa consultora Coreal Desarrollos Tecnol\u00f3gicos, contin\u00faan trabajando en el desarrollo del Plan Regulador Comunal de Futaleuf\u00fa.<\/p>\n<p>En la actualidad, se est\u00e1 comenzando a plantear la \u201cImagen Objetivo\u201d del Plan Regulador, es decir, aquella situaci\u00f3n deseada de comuna a donde Futaleuf\u00fa podr\u00eda llegar. Esta etapa de desarrollo contiene dos instancias participativas, siendo la primera la denominada \u201cParticipaci\u00f3n Previa de la Imagen Objetivo\u201d, en donde el conjunto de la comunidad deber\u00e1 expresar cual es la ciudad que desea.<\/p>\n<p>En este contexto, la Municipalidad, en conjunto con Coreal, ya han comenzado con la organizaci\u00f3n de las nuevas jornadas participativas. Aunque todav\u00eda no hay fecha confirmada, se estima que ser\u00e1 a fines de noviembre.<\/p>\n<p>Lo invitamos a la comunidad de Futaleuf\u00fa a que est\u00e9n atentos a las nuevas fechas, \u00a1y se animen a participar! Es el momento de expresar c\u00f3mo queremos a Futaleuf\u00fa en un futuro cercano.<\/p>\n<p>\u00a1Plan Regulador Comunal de Futaleuf\u00fa, estamos creando nuestro futuro!<\/p>\n<\/div><div class=\"fusion-separator\" style=\"align-self: flex-start;margin-right:auto;margin-bottom:40px;width:100%;max-width:50%;\"><\/div><\/div><style type=\"text\/css\">.fusion-body .fusion-builder-column-0{width:100% !important;margin-top : 0px;margin-bottom : 0px;}.fusion-builder-column-0 > .fusion-column-wrapper {padding-top : 0px !important;padding-right : 0px !important;margin-right : 1.92%;padding-bottom : 0px !important;padding-left : 0px !important;margin-left : 1.92%;}@media only screen and (max-width:1024px) {.fusion-body .fusion-builder-column-0{width:100% !important;order : 0;}.fusion-builder-column-0 > .fusion-column-wrapper {margin-right : 1.92%;margin-left : 1.92%;}}@media only screen and (max-width:640px) {.fusion-body .fusion-builder-column-0{width:100% !important;order : 0;}.fusion-builder-column-0 > .fusion-column-wrapper {margin-right : 1.92%;margin-left : 1.92%;}}<\/style><\/div><\/div><style type=\"text\/css\">.fusion-body .fusion-flex-container.fusion-builder-row-1{ padding-top : 0px;margin-top : 0px;padding-right : 0px;padding-bottom : 0px;margin-bottom : 0px;padding-left : 0px;}<\/style><\/div>","protected":false},"excerpt":{"rendered":"","protected":false},"author":1,"featured_media":0,"parent":0,"menu_order":0,"comment_status":"closed","ping_status":"closed","template":"","meta":{"footnotes":""},"class_list":["post-434","page","type-page","status-publish","hentry"],"_links":{"self":[{"href":"https:\/\/prcfutaleufu.cl\/en\/wp-json\/wp\/v2\/pages\/434","targetHints":{"allow":["GET"]}}],"collection":[{"href":"https:\/\/prcfutaleufu.cl\/en\/wp-json\/wp\/v2\/pages"}],"about":[{"href":"https:\/\/prcfutaleufu.cl\/en\/wp-json\/wp\/v2\/types\/page"}],"author":[{"embeddable":true,"href":"https:\/\/prcfutaleufu.cl\/en\/wp-json\/wp\/v2\/users\/1"}],"replies":[{"embeddable":true,"href":"https:\/\/prcfutaleufu.cl\/en\/wp-json\/wp\/v2\/comments?post=434"}],"version-history":[{"count":1,"href":"https:\/\/prcfutaleufu.cl\/en\/wp-json\/wp\/v2\/pages\/434\/revisions"}],"predecessor-version":[{"id":436,"href":"https:\/\/prcfutaleufu.cl\/en\/wp-json\/wp\/v2\/pages\/434\/revisions\/436"}],"wp:attachment":[{"href":"https:\/\/prcfutaleufu.cl\/en\/wp-json\/wp\/v2\/media?parent=434"}],"curies":[{"name":"wp","href":"https:\/\/api.w.org\/{rel}","templated":true}]}}

<div class="fusion-fullwidth fullwidth-box fusion-builder-row-1 fusion-flex-container nonhundred-percent-fullwidth non-hundred-percent-height-scrolling" style="background-color: rgba(255,255,255,0);background-position: center center;background-repeat: no-repeat;border-width: 0px 0px 0px 0px;border-color:#e2e2e2;border-style:solid;" ><div class="fusion-builder-row fusion-row fusion-flex-align-items-flex-start" style="max-width:1248px;margin-left: calc(-4% / 2 );margin-right: calc(-4% / 2 );"><div class="fusion-layout-column fusion_builder_column fusion-builder-column-0 fusion_builder_column_1_1 1_1 fusion-flex-column"><div class="fusion-column-wrapper fusion-flex-justify-content-flex-start fusion-content-layout-column" style="background-position:left top;background-repeat:no-repeat;-webkit-background-size:cover;-moz-background-size:cover;-o-background-size:cover;background-size:cover;padding: 0px 0px 0px 0px;"><div class="fusion-text fusion-text-1"><h2><strong>¡Se acercan nuevas jornadas participativas del Plan Regulador Comunal!</strong></h2>
</div><div class="fusion-separator" style="align-self: flex-start;margin-right:auto;margin-bottom:40px;width:100%;max-width:50%;"><div class="fusion-separator-border sep-single sep-solid" style="border-color:#6ec1e4;border-top-width:2px;"></div></div><div style="text-align:center;"><span class="fusion-imageframe imageframe-glow imageframe-1 hover-type-none" style="-webkit-box-shadow: 0 0 3px rgba(0,0,0,0.3);box-shadow: 0 0 3px rgba(0,0,0,0.3);"><img decoding="async" width="1024" height="576" title="foto noticia 8 web" src="https://prcfutaleufu.cl/wp-content/uploads/2021/10/foto-noticia-8-web-1024x576.jpg" class="img-responsive wp-image-435" srcset="https://prcfutaleufu.cl/wp-content/uploads/2021/10/foto-noticia-8-web-200x113.jpg 200w, https://prcfutaleufu.cl/wp-content/uploads/2021/10/foto-noticia-8-web-400x225.jpg 400w, https://prcfutaleufu.cl/wp-content/uploads/2021/10/foto-noticia-8-web-600x338.jpg 600w, https://prcfutaleufu.cl/wp-content/uploads/2021/10/foto-noticia-8-web-800x450.jpg 800w, https://prcfutaleufu.cl/wp-content/uploads/2021/10/foto-noticia-8-web-1200x675.jpg 1200w" sizes="(max-width: 640px) 100vw, 1200px" /></span></div><div class="fusion-separator" style="align-self: flex-start;margin-right:auto;margin-bottom:40px;width:100%;max-width:50%;"></div><div class="fusion-text fusion-text-2"><p>La Municipalidad de Futaleufú, en conjunto con la empresa consultora Coreal Desarrollos Tecnológicos, continúan trabajando en el desarrollo del Plan Regulador Comunal de Futaleufú.</p>
<p>En la actualidad, se está comenzando a plantear la “Imagen Objetivo” del Plan Regulador, es decir, aquella situación deseada de comuna a donde Futaleufú podría llegar. Esta etapa de desarrollo contiene dos instancias participativas, siendo la primera la denominada “Participación Previa de la Imagen Objetivo”, en donde el conjunto de la comunidad deberá expresar cual es la ciudad que desea.</p>
<p>En este contexto, la Municipalidad, en conjunto con Coreal, ya han comenzado con la organización de las nuevas jornadas participativas. Aunque todavía no hay fecha confirmada, se estima que será a fines de noviembre.</p>
<p>Lo invitamos a la comunidad de Futaleufú a que estén atentos a las nuevas fechas, ¡y se animen a participar! Es el momento de expresar cómo queremos a Futaleufú en un futuro cercano.</p>
<p>¡Plan Regulador Comunal de Futaleufú, estamos creando nuestro futuro!</p>
</div><div class="fusion-separator" style="align-self: flex-start;margin-right:auto;margin-bottom:40px;width:100%;max-width:50%;"></div></div><style type="text/css">.fusion-body .fusion-builder-column-0{width:100% !important;margin-top : 0px;margin-bottom : 0px;}.fusion-builder-column-0 > .fusion-column-wrapper {padding-top : 0px !important;padding-right : 0px !important;margin-right : 1.92%;padding-bottom : 0px !important;padding-left : 0px !important;margin-left : 1.92%;}@media only screen and (max-width:1024px) {.fusion-body .fusion-builder-column-0{width:100% !important;order : 0;}.fusion-builder-column-0 > .fusion-column-wrapper {margin-right : 1.92%;margin-left : 1.92%;}}@media only screen and (max-width:640px) {.fusion-body .fusion-builder-column-0{width:100% !important;order : 0;}.fusion-builder-column-0 > .fusion-column-wrapper {margin-right : 1.92%;margin-left : 1.92%;}}</style></div></div><style type="text/css">.fusion-body .fusion-flex-container.fusion-builder-row-1{ padding-top : 0px;margin-top : 0px;padding-right : 0px;padding-bottom : 0px;margin-bottom : 0px;padding-left : 0px;}</style></div>
