{"id":403,"date":"2021-08-12T07:55:11","date_gmt":"2021-08-12T07:55:11","guid":{"rendered":"https:\/\/prcfutaleufu.cl\/?page_id=403"},"modified":"2021-08-12T07:55:11","modified_gmt":"2021-08-12T07:55:11","slug":"alcalde-da-la-bienvenida-a-la-segunda-jornada-de-talleres-de-participacion-ciudadana","status":"publish","type":"page","link":"https:\/\/prcfutaleufu.cl\/en\/alcalde-da-la-bienvenida-a-la-segunda-jornada-de-talleres-de-participacion-ciudadana\/","title":{"rendered":"Alcalde da la bienvenida a la segunda jornada de Talleres de Participaci\u00f3n Ciudadana"},"content":{"rendered":"<div class=\"fusion-fullwidth fullwidth-box fusion-builder-row-1 fusion-flex-container nonhundred-percent-fullwidth non-hundred-percent-height-scrolling\" style=\"background-color: rgba(255,255,255,0);background-position: center center;background-repeat: no-repeat;border-width: 0px 0px 0px 0px;border-color:#e2e2e2;border-style:solid;\" ><div class=\"fusion-builder-row fusion-row fusion-flex-align-items-flex-start\" style=\"max-width:1248px;margin-left: calc(-4% \/ 2 );margin-right: calc(-4% \/ 2 );\"><div class=\"fusion-layout-column fusion_builder_column fusion-builder-column-0 fusion_builder_column_1_1 1_1 fusion-flex-column\"><div class=\"fusion-column-wrapper fusion-flex-justify-content-flex-start fusion-content-layout-column\" style=\"background-position:left top;background-repeat:no-repeat;-webkit-background-size:cover;-moz-background-size:cover;-o-background-size:cover;background-size:cover;padding: 0px 0px 0px 0px;\"><div class=\"fusion-text fusion-text-1\"><h2><strong>Alcalde da la bienvenida a la segunda jornada de Talleres de Participaci\u00f3n Ciudadana<\/strong><\/h2>\n<\/div><div class=\"fusion-separator\" style=\"align-self: flex-start;margin-right:auto;margin-bottom:40px;width:100%;max-width:50%;\"><div class=\"fusion-separator-border sep-single sep-solid\" style=\"border-color:#6ec1e4;border-top-width:2px;\"><\/div><\/div><div style=\"text-align:center;\"><span class=\"fusion-imageframe imageframe-glow imageframe-1 hover-type-none\" style=\"-webkit-box-shadow: 0 0 3px rgba(0,0,0,0.3);box-shadow: 0 0 3px rgba(0,0,0,0.3);\"><img decoding=\"async\" width=\"1024\" height=\"576\" title=\"noticia 8 foto\" src=\"https:\/\/prcfutaleufu.cl\/wp-content\/uploads\/2021\/08\/noticia-8-foto-1024x576.jpg\" class=\"img-responsive wp-image-399\" srcset=\"https:\/\/prcfutaleufu.cl\/wp-content\/uploads\/2021\/08\/noticia-8-foto-200x113.jpg 200w, https:\/\/prcfutaleufu.cl\/wp-content\/uploads\/2021\/08\/noticia-8-foto-400x225.jpg 400w, https:\/\/prcfutaleufu.cl\/wp-content\/uploads\/2021\/08\/noticia-8-foto-600x338.jpg 600w, https:\/\/prcfutaleufu.cl\/wp-content\/uploads\/2021\/08\/noticia-8-foto-800x450.jpg 800w, https:\/\/prcfutaleufu.cl\/wp-content\/uploads\/2021\/08\/noticia-8-foto-1200x675.jpg 1200w\" sizes=\"(max-width: 640px) 100vw, 1200px\" \/><\/span><\/div><div class=\"fusion-separator\" style=\"align-self: flex-start;margin-right:auto;margin-bottom:40px;width:100%;max-width:50%;\"><\/div><div class=\"fusion-text fusion-text-2\"><p style=\"text-align: justify;\">FUTALEUF\u00da, agosto 2021.- Con el fin de enterarse en detalle sobre la segunda jornada de Talleres participativos y el avance del proyecto AN\u00c1LISIS DE ESTUDIO DE PLAN REGULADOR COMUNAL DE FUTALEUF\u00da\u201d, el alcalde de Futaleuf\u00fa, Alejandro Avello, se reunir\u00e1 el pr\u00f3ximo lunes 16 de agosto con el equipo t\u00e9cnico de la empresa COREAL DESARROLLOS T\u00c9CNOL\u00d3GICOS SPA, empresa ejecutante del estudio.<\/p>\n<p style=\"text-align: justify;\">El edil ser\u00e1 el encargado de dar la bienvenida a los profesionales que llevar\u00e1n a acabo los talleres con la comunidad entre el 16 y el 19 de agosto, y que se enmarcan en las siete instancias programadas a lo largo del estudio.<\/p>\n<p style=\"text-align: justify;\">En la ocasi\u00f3n, Avello repasar\u00e1 el cronograma de actividades planificadas adem\u00e1s de recordar los protocolos sanitarios necesarios para la realizaci\u00f3n de estos, los que se ajustan a lo dispuesto la autoridad sanitaria y a la fase que atraviesa la comuna.<\/p>\n<p style=\"text-align: justify;\">Cabe destacar que, con el fin de llegar a la mayor participaci\u00f3n ciudadana, se realizar\u00e1n transmisiones de los talleres a trav\u00e9s del Facebook Live de la municipalidad:<\/p>\n<p style=\"text-align: justify;\"><a href=\"https:\/\/www.facebook.com\/munifutaleufu2021\" target=\"_blank\" rel=\"noopener\">https:\/\/www.facebook.com\/munifutaleufu2021<\/a><\/p>\n<\/div><div class=\"fusion-separator\" style=\"align-self: flex-start;margin-right:auto;margin-bottom:40px;width:100%;max-width:50%;\"><\/div><\/div><style type=\"text\/css\">.fusion-body .fusion-builder-column-0{width:100% !important;margin-top : 0px;margin-bottom : 0px;}.fusion-builder-column-0 > .fusion-column-wrapper {padding-top : 0px !important;padding-right : 0px !important;margin-right : 1.92%;padding-bottom : 0px !important;padding-left : 0px !important;margin-left : 1.92%;}@media only screen and (max-width:1024px) {.fusion-body .fusion-builder-column-0{width:100% !important;order : 0;}.fusion-builder-column-0 > .fusion-column-wrapper {margin-right : 1.92%;margin-left : 1.92%;}}@media only screen and (max-width:640px) {.fusion-body .fusion-builder-column-0{width:100% !important;order : 0;}.fusion-builder-column-0 > .fusion-column-wrapper {margin-right : 1.92%;margin-left : 1.92%;}}<\/style><\/div><\/div><style type=\"text\/css\">.fusion-body .fusion-flex-container.fusion-builder-row-1{ padding-top : 0px;margin-top : 0px;padding-right : 0px;padding-bottom : 0px;margin-bottom : 0px;padding-left : 0px;}<\/style><\/div>","protected":false},"excerpt":{"rendered":"","protected":false},"author":1,"featured_media":0,"parent":0,"menu_order":0,"comment_status":"closed","ping_status":"closed","template":"","meta":{"footnotes":""},"class_list":["post-403","page","type-page","status-publish","hentry"],"_links":{"self":[{"href":"https:\/\/prcfutaleufu.cl\/en\/wp-json\/wp\/v2\/pages\/403","targetHints":{"allow":["GET"]}}],"collection":[{"href":"https:\/\/prcfutaleufu.cl\/en\/wp-json\/wp\/v2\/pages"}],"about":[{"href":"https:\/\/prcfutaleufu.cl\/en\/wp-json\/wp\/v2\/types\/page"}],"author":[{"embeddable":true,"href":"https:\/\/prcfutaleufu.cl\/en\/wp-json\/wp\/v2\/users\/1"}],"replies":[{"embeddable":true,"href":"https:\/\/prcfutaleufu.cl\/en\/wp-json\/wp\/v2\/comments?post=403"}],"version-history":[{"count":1,"href":"https:\/\/prcfutaleufu.cl\/en\/wp-json\/wp\/v2\/pages\/403\/revisions"}],"predecessor-version":[{"id":404,"href":"https:\/\/prcfutaleufu.cl\/en\/wp-json\/wp\/v2\/pages\/403\/revisions\/404"}],"wp:attachment":[{"href":"https:\/\/prcfutaleufu.cl\/en\/wp-json\/wp\/v2\/media?parent=403"}],"curies":[{"name":"wp","href":"https:\/\/api.w.org\/{rel}","templated":true}]}}

Alcalde da la bienvenida a la segunda jornada de Talleres de Participación Ciudadana

<div class="fusion-fullwidth fullwidth-box fusion-builder-row-1 fusion-flex-container nonhundred-percent-fullwidth non-hundred-percent-height-scrolling" style="background-color: rgba(255,255,255,0);background-position: center center;background-repeat: no-repeat;border-width: 0px 0px 0px 0px;border-color:#e2e2e2;border-style:solid;" ><div class="fusion-builder-row fusion-row fusion-flex-align-items-flex-start" style="max-width:1248px;margin-left: calc(-4% / 2 );margin-right: calc(-4% / 2 );"><div class="fusion-layout-column fusion_builder_column fusion-builder-column-0 fusion_builder_column_1_1 1_1 fusion-flex-column"><div class="fusion-column-wrapper fusion-flex-justify-content-flex-start fusion-content-layout-column" style="background-position:left top;background-repeat:no-repeat;-webkit-background-size:cover;-moz-background-size:cover;-o-background-size:cover;background-size:cover;padding: 0px 0px 0px 0px;"><div class="fusion-text fusion-text-1"><h2><strong>Alcalde da la bienvenida a la segunda jornada de Talleres de Participación Ciudadana</strong></h2>
</div><div class="fusion-separator" style="align-self: flex-start;margin-right:auto;margin-bottom:40px;width:100%;max-width:50%;"><div class="fusion-separator-border sep-single sep-solid" style="border-color:#6ec1e4;border-top-width:2px;"></div></div><div style="text-align:center;"><span class="fusion-imageframe imageframe-glow imageframe-1 hover-type-none" style="-webkit-box-shadow: 0 0 3px rgba(0,0,0,0.3);box-shadow: 0 0 3px rgba(0,0,0,0.3);"><img decoding="async" width="1024" height="576" title="noticia 8 foto" src="https://prcfutaleufu.cl/wp-content/uploads/2021/08/noticia-8-foto-1024x576.jpg" class="img-responsive wp-image-399" srcset="https://prcfutaleufu.cl/wp-content/uploads/2021/08/noticia-8-foto-200x113.jpg 200w, https://prcfutaleufu.cl/wp-content/uploads/2021/08/noticia-8-foto-400x225.jpg 400w, https://prcfutaleufu.cl/wp-content/uploads/2021/08/noticia-8-foto-600x338.jpg 600w, https://prcfutaleufu.cl/wp-content/uploads/2021/08/noticia-8-foto-800x450.jpg 800w, https://prcfutaleufu.cl/wp-content/uploads/2021/08/noticia-8-foto-1200x675.jpg 1200w" sizes="(max-width: 640px) 100vw, 1200px" /></span></div><div class="fusion-separator" style="align-self: flex-start;margin-right:auto;margin-bottom:40px;width:100%;max-width:50%;"></div><div class="fusion-text fusion-text-2"><p style="text-align: justify;">FUTALEUFÚ, agosto 2021.- Con el fin de enterarse en detalle sobre la segunda jornada de Talleres participativos y el avance del proyecto ANÁLISIS DE ESTUDIO DE PLAN REGULADOR COMUNAL DE FUTALEUFÚ”, el alcalde de Futaleufú, Alejandro Avello, se reunirá el próximo lunes 16 de agosto con el equipo técnico de la empresa COREAL DESARROLLOS TÉCNOLÓGICOS SPA, empresa ejecutante del estudio.</p>
<p style="text-align: justify;">El edil será el encargado de dar la bienvenida a los profesionales que llevarán a acabo los talleres con la comunidad entre el 16 y el 19 de agosto, y que se enmarcan en las siete instancias programadas a lo largo del estudio.</p>
<p style="text-align: justify;">En la ocasión, Avello repasará el cronograma de actividades planificadas además de recordar los protocolos sanitarios necesarios para la realización de estos, los que se ajustan a lo dispuesto la autoridad sanitaria y a la fase que atraviesa la comuna.</p>
<p style="text-align: justify;">Cabe destacar que, con el fin de llegar a la mayor participación ciudadana, se realizarán transmisiones de los talleres a través del Facebook Live de la municipalidad:</p>
<p style="text-align: justify;"><a href="https://www.facebook.com/munifutaleufu2021" target="_blank" rel="noopener">https://www.facebook.com/munifutaleufu2021</a></p>
</div><div class="fusion-separator" style="align-self: flex-start;margin-right:auto;margin-bottom:40px;width:100%;max-width:50%;"></div></div><style type="text/css">.fusion-body .fusion-builder-column-0{width:100% !important;margin-top : 0px;margin-bottom : 0px;}.fusion-builder-column-0 > .fusion-column-wrapper {padding-top : 0px !important;padding-right : 0px !important;margin-right : 1.92%;padding-bottom : 0px !important;padding-left : 0px !important;margin-left : 1.92%;}@media only screen and (max-width:1024px) {.fusion-body .fusion-builder-column-0{width:100% !important;order : 0;}.fusion-builder-column-0 > .fusion-column-wrapper {margin-right : 1.92%;margin-left : 1.92%;}}@media only screen and (max-width:640px) {.fusion-body .fusion-builder-column-0{width:100% !important;order : 0;}.fusion-builder-column-0 > .fusion-column-wrapper {margin-right : 1.92%;margin-left : 1.92%;}}</style></div></div><style type="text/css">.fusion-body .fusion-flex-container.fusion-builder-row-1{ padding-top : 0px;margin-top : 0px;padding-right : 0px;padding-bottom : 0px;margin-bottom : 0px;padding-left : 0px;}</style></div>
