{"id":396,"date":"2021-08-12T07:53:11","date_gmt":"2021-08-12T07:53:11","guid":{"rendered":"https:\/\/prcfutaleufu.cl\/?page_id=396"},"modified":"2021-08-12T07:53:11","modified_gmt":"2021-08-12T07:53:11","slug":"lista-las-locaciones-para-la-segunda-fecha-de-los-talleres-de-participacion-ciudadana","status":"publish","type":"page","link":"https:\/\/prcfutaleufu.cl\/en\/lista-las-locaciones-para-la-segunda-fecha-de-los-talleres-de-participacion-ciudadana\/","title":{"rendered":"Lista las locaciones para la segunda fecha de los talleres de participaci\u00f3n ciudadana"},"content":{"rendered":"<div class=\"fusion-fullwidth fullwidth-box fusion-builder-row-1 fusion-flex-container nonhundred-percent-fullwidth non-hundred-percent-height-scrolling\" style=\"background-color: rgba(255,255,255,0);background-position: center center;background-repeat: no-repeat;border-width: 0px 0px 0px 0px;border-color:#e2e2e2;border-style:solid;\" ><div class=\"fusion-builder-row fusion-row fusion-flex-align-items-flex-start\" style=\"max-width:1248px;margin-left: calc(-4% \/ 2 );margin-right: calc(-4% \/ 2 );\"><div class=\"fusion-layout-column fusion_builder_column fusion-builder-column-0 fusion_builder_column_1_1 1_1 fusion-flex-column\"><div class=\"fusion-column-wrapper fusion-flex-justify-content-flex-start fusion-content-layout-column\" style=\"background-position:left top;background-repeat:no-repeat;-webkit-background-size:cover;-moz-background-size:cover;-o-background-size:cover;background-size:cover;padding: 0px 0px 0px 0px;\"><div class=\"fusion-text fusion-text-1\"><h2><strong>Lista las locaciones para la segunda fecha de los talleres de participaci\u00f3n ciudadana<\/strong><\/h2>\n<\/div><div class=\"fusion-separator\" style=\"align-self: flex-start;margin-right:auto;margin-bottom:40px;width:100%;max-width:50%;\"><div class=\"fusion-separator-border sep-single sep-solid\" style=\"border-color:#6ec1e4;border-top-width:2px;\"><\/div><\/div><div style=\"text-align:center;\"><span class=\"fusion-imageframe imageframe-glow imageframe-1 hover-type-none\" style=\"-webkit-box-shadow: 0 0 3px rgba(0,0,0,0.3);box-shadow: 0 0 3px rgba(0,0,0,0.3);\"><img decoding=\"async\" width=\"1024\" height=\"576\" title=\"noticia 6 foto\" src=\"https:\/\/prcfutaleufu.cl\/wp-content\/uploads\/2021\/08\/noticia-6-foto-1024x576.jpg\" class=\"img-responsive wp-image-397\" srcset=\"https:\/\/prcfutaleufu.cl\/wp-content\/uploads\/2021\/08\/noticia-6-foto-200x113.jpg 200w, https:\/\/prcfutaleufu.cl\/wp-content\/uploads\/2021\/08\/noticia-6-foto-400x225.jpg 400w, https:\/\/prcfutaleufu.cl\/wp-content\/uploads\/2021\/08\/noticia-6-foto-600x338.jpg 600w, https:\/\/prcfutaleufu.cl\/wp-content\/uploads\/2021\/08\/noticia-6-foto-800x450.jpg 800w, https:\/\/prcfutaleufu.cl\/wp-content\/uploads\/2021\/08\/noticia-6-foto-1200x675.jpg 1200w\" sizes=\"(max-width: 640px) 100vw, 1200px\" \/><\/span><\/div><div class=\"fusion-separator\" style=\"align-self: flex-start;margin-right:auto;margin-bottom:40px;width:100%;max-width:50%;\"><\/div><div class=\"fusion-text fusion-text-2\"><p style=\"text-align: justify;\">FUTALEUF\u00da, agosto 2021.- Entre el 16 y 19 de agosto pr\u00f3ximo, se llevar\u00e1n a cabo los talleres participativos correspondientes a la segunda jornada de siete que se realizar\u00e1n como parte del proyecto para el \u201cAN\u00c1LISIS DE ESTUDIO DE PLAN REGULADOR COMUNAL DE FUTALEUF\u00da\u201d.<\/p>\n<p style=\"text-align: justify;\">Las convocatorias a las reuniones ya se encuentran en marcha, y las locaciones para los encuentros, ya fueron confirmadas por la municipalidad de Futaleuf\u00fa y la empresa COREAL DESARROLLOS T\u00c9CNOL\u00d3GICOS SPA, empresa encargada de los trabajos en terreno.<\/p>\n<p style=\"text-align: justify;\">De esta manera los encuentros se realizar\u00e1n en el Gimnasio Municipal los d\u00edas 16, 17 y 18, de agosto, mientras que el Liceo Municipal recibir\u00e1 a los convocados los d\u00edas 17, 18 y 19. Junto con lo anterior, se realizar\u00e1n visitas a terreno los d\u00edas 16 y 19 de agosto.<\/p>\n<p style=\"text-align: justify;\">En cuanto a los horarios de los talleres, \u00e9stos ser\u00e1n confirmados oportunamente y comunicado a trav\u00e9s de las redes sociales de la municipalidad.<\/p>\n<p style=\"text-align: justify;\">Atendiendo a las medidas sanitarias y procurando no retroceder en lo que con esfuerzo se ha logrado, en esta ocasi\u00f3n se han seleccionado representantes de la sociedad donde se incluyen entre otros, juntas de vecinos, asociaciones civiles, p\u00fablicas y privadas.<\/p>\n<p style=\"text-align: justify;\">No obstante, y con el fin de llegar a la mayor participaci\u00f3n ciudadana, se realizar\u00e1n transmisiones de los talleres a trav\u00e9s del Facebook Live de la municipalidad: <a href=\"https:\/\/www.facebook.com\/munifutaleufu2021\" target=\"_blank\" rel=\"noopener\">https:\/\/www.facebook.com\/munifutaleufu2021<\/a>.<\/p>\n<\/div><div class=\"fusion-separator\" style=\"align-self: flex-start;margin-right:auto;margin-bottom:40px;width:100%;max-width:50%;\"><\/div><\/div><style type=\"text\/css\">.fusion-body .fusion-builder-column-0{width:100% !important;margin-top : 0px;margin-bottom : 0px;}.fusion-builder-column-0 > .fusion-column-wrapper {padding-top : 0px !important;padding-right : 0px !important;margin-right : 1.92%;padding-bottom : 0px !important;padding-left : 0px !important;margin-left : 1.92%;}@media only screen and (max-width:1024px) {.fusion-body .fusion-builder-column-0{width:100% !important;order : 0;}.fusion-builder-column-0 > .fusion-column-wrapper {margin-right : 1.92%;margin-left : 1.92%;}}@media only screen and (max-width:640px) {.fusion-body .fusion-builder-column-0{width:100% !important;order : 0;}.fusion-builder-column-0 > .fusion-column-wrapper {margin-right : 1.92%;margin-left : 1.92%;}}<\/style><\/div><\/div><style type=\"text\/css\">.fusion-body .fusion-flex-container.fusion-builder-row-1{ padding-top : 0px;margin-top : 0px;padding-right : 0px;padding-bottom : 0px;margin-bottom : 0px;padding-left : 0px;}<\/style><\/div>","protected":false},"excerpt":{"rendered":"","protected":false},"author":1,"featured_media":0,"parent":0,"menu_order":0,"comment_status":"closed","ping_status":"closed","template":"","meta":{"footnotes":""},"class_list":["post-396","page","type-page","status-publish","hentry"],"_links":{"self":[{"href":"https:\/\/prcfutaleufu.cl\/en\/wp-json\/wp\/v2\/pages\/396","targetHints":{"allow":["GET"]}}],"collection":[{"href":"https:\/\/prcfutaleufu.cl\/en\/wp-json\/wp\/v2\/pages"}],"about":[{"href":"https:\/\/prcfutaleufu.cl\/en\/wp-json\/wp\/v2\/types\/page"}],"author":[{"embeddable":true,"href":"https:\/\/prcfutaleufu.cl\/en\/wp-json\/wp\/v2\/users\/1"}],"replies":[{"embeddable":true,"href":"https:\/\/prcfutaleufu.cl\/en\/wp-json\/wp\/v2\/comments?post=396"}],"version-history":[{"count":1,"href":"https:\/\/prcfutaleufu.cl\/en\/wp-json\/wp\/v2\/pages\/396\/revisions"}],"predecessor-version":[{"id":400,"href":"https:\/\/prcfutaleufu.cl\/en\/wp-json\/wp\/v2\/pages\/396\/revisions\/400"}],"wp:attachment":[{"href":"https:\/\/prcfutaleufu.cl\/en\/wp-json\/wp\/v2\/media?parent=396"}],"curies":[{"name":"wp","href":"https:\/\/api.w.org\/{rel}","templated":true}]}}

Lista las locaciones para la segunda fecha de los talleres de participación ciudadana

<div class="fusion-fullwidth fullwidth-box fusion-builder-row-1 fusion-flex-container nonhundred-percent-fullwidth non-hundred-percent-height-scrolling" style="background-color: rgba(255,255,255,0);background-position: center center;background-repeat: no-repeat;border-width: 0px 0px 0px 0px;border-color:#e2e2e2;border-style:solid;" ><div class="fusion-builder-row fusion-row fusion-flex-align-items-flex-start" style="max-width:1248px;margin-left: calc(-4% / 2 );margin-right: calc(-4% / 2 );"><div class="fusion-layout-column fusion_builder_column fusion-builder-column-0 fusion_builder_column_1_1 1_1 fusion-flex-column"><div class="fusion-column-wrapper fusion-flex-justify-content-flex-start fusion-content-layout-column" style="background-position:left top;background-repeat:no-repeat;-webkit-background-size:cover;-moz-background-size:cover;-o-background-size:cover;background-size:cover;padding: 0px 0px 0px 0px;"><div class="fusion-text fusion-text-1"><h2><strong>Lista las locaciones para la segunda fecha de los talleres de participación ciudadana</strong></h2>
</div><div class="fusion-separator" style="align-self: flex-start;margin-right:auto;margin-bottom:40px;width:100%;max-width:50%;"><div class="fusion-separator-border sep-single sep-solid" style="border-color:#6ec1e4;border-top-width:2px;"></div></div><div style="text-align:center;"><span class="fusion-imageframe imageframe-glow imageframe-1 hover-type-none" style="-webkit-box-shadow: 0 0 3px rgba(0,0,0,0.3);box-shadow: 0 0 3px rgba(0,0,0,0.3);"><img decoding="async" width="1024" height="576" title="noticia 6 foto" src="https://prcfutaleufu.cl/wp-content/uploads/2021/08/noticia-6-foto-1024x576.jpg" class="img-responsive wp-image-397" srcset="https://prcfutaleufu.cl/wp-content/uploads/2021/08/noticia-6-foto-200x113.jpg 200w, https://prcfutaleufu.cl/wp-content/uploads/2021/08/noticia-6-foto-400x225.jpg 400w, https://prcfutaleufu.cl/wp-content/uploads/2021/08/noticia-6-foto-600x338.jpg 600w, https://prcfutaleufu.cl/wp-content/uploads/2021/08/noticia-6-foto-800x450.jpg 800w, https://prcfutaleufu.cl/wp-content/uploads/2021/08/noticia-6-foto-1200x675.jpg 1200w" sizes="(max-width: 640px) 100vw, 1200px" /></span></div><div class="fusion-separator" style="align-self: flex-start;margin-right:auto;margin-bottom:40px;width:100%;max-width:50%;"></div><div class="fusion-text fusion-text-2"><p style="text-align: justify;">FUTALEUFÚ, agosto 2021.- Entre el 16 y 19 de agosto próximo, se llevarán a cabo los talleres participativos correspondientes a la segunda jornada de siete que se realizarán como parte del proyecto para el “ANÁLISIS DE ESTUDIO DE PLAN REGULADOR COMUNAL DE FUTALEUFÚ”.</p>
<p style="text-align: justify;">Las convocatorias a las reuniones ya se encuentran en marcha, y las locaciones para los encuentros, ya fueron confirmadas por la municipalidad de Futaleufú y la empresa COREAL DESARROLLOS TÉCNOLÓGICOS SPA, empresa encargada de los trabajos en terreno.</p>
<p style="text-align: justify;">De esta manera los encuentros se realizarán en el Gimnasio Municipal los días 16, 17 y 18, de agosto, mientras que el Liceo Municipal recibirá a los convocados los días 17, 18 y 19. Junto con lo anterior, se realizarán visitas a terreno los días 16 y 19 de agosto.</p>
<p style="text-align: justify;">En cuanto a los horarios de los talleres, éstos serán confirmados oportunamente y comunicado a través de las redes sociales de la municipalidad.</p>
<p style="text-align: justify;">Atendiendo a las medidas sanitarias y procurando no retroceder en lo que con esfuerzo se ha logrado, en esta ocasión se han seleccionado representantes de la sociedad donde se incluyen entre otros, juntas de vecinos, asociaciones civiles, públicas y privadas.</p>
<p style="text-align: justify;">No obstante, y con el fin de llegar a la mayor participación ciudadana, se realizarán transmisiones de los talleres a través del Facebook Live de la municipalidad: <a href="https://www.facebook.com/munifutaleufu2021" target="_blank" rel="noopener">https://www.facebook.com/munifutaleufu2021</a>.</p>
</div><div class="fusion-separator" style="align-self: flex-start;margin-right:auto;margin-bottom:40px;width:100%;max-width:50%;"></div></div><style type="text/css">.fusion-body .fusion-builder-column-0{width:100% !important;margin-top : 0px;margin-bottom : 0px;}.fusion-builder-column-0 > .fusion-column-wrapper {padding-top : 0px !important;padding-right : 0px !important;margin-right : 1.92%;padding-bottom : 0px !important;padding-left : 0px !important;margin-left : 1.92%;}@media only screen and (max-width:1024px) {.fusion-body .fusion-builder-column-0{width:100% !important;order : 0;}.fusion-builder-column-0 > .fusion-column-wrapper {margin-right : 1.92%;margin-left : 1.92%;}}@media only screen and (max-width:640px) {.fusion-body .fusion-builder-column-0{width:100% !important;order : 0;}.fusion-builder-column-0 > .fusion-column-wrapper {margin-right : 1.92%;margin-left : 1.92%;}}</style></div></div><style type="text/css">.fusion-body .fusion-flex-container.fusion-builder-row-1{ padding-top : 0px;margin-top : 0px;padding-right : 0px;padding-bottom : 0px;margin-bottom : 0px;padding-left : 0px;}</style></div>
