{"id":392,"date":"2021-08-09T10:52:46","date_gmt":"2021-08-09T10:52:46","guid":{"rendered":"https:\/\/prcfutaleufu.cl\/?page_id=392"},"modified":"2021-08-09T10:52:46","modified_gmt":"2021-08-09T10:52:46","slug":"nuevos-talleres-de-participacion-ciudadana-se-realizaran-en-futaleufu-como-parte-del-proyecto-que-busca-determinar-un-plan-regulador-para-la-comuna","status":"publish","type":"page","link":"https:\/\/prcfutaleufu.cl\/en\/nuevos-talleres-de-participacion-ciudadana-se-realizaran-en-futaleufu-como-parte-del-proyecto-que-busca-determinar-un-plan-regulador-para-la-comuna\/","title":{"rendered":"Nuevos talleres de participaci\u00f3n ciudadana se realizar\u00e1n en Futaleuf\u00fa como parte del proyecto que busca determinar un plan regulador para la comuna"},"content":{"rendered":"<div class=\"fusion-fullwidth fullwidth-box fusion-builder-row-1 fusion-flex-container nonhundred-percent-fullwidth non-hundred-percent-height-scrolling\" style=\"background-color: rgba(255,255,255,0);background-position: center center;background-repeat: no-repeat;border-width: 0px 0px 0px 0px;border-color:#e2e2e2;border-style:solid;\" ><div class=\"fusion-builder-row fusion-row fusion-flex-align-items-flex-start\" style=\"max-width:1248px;margin-left: calc(-4% \/ 2 );margin-right: calc(-4% \/ 2 );\"><div class=\"fusion-layout-column fusion_builder_column fusion-builder-column-0 fusion_builder_column_1_1 1_1 fusion-flex-column\"><div class=\"fusion-column-wrapper fusion-flex-justify-content-flex-start fusion-content-layout-column\" style=\"background-position:left top;background-repeat:no-repeat;-webkit-background-size:cover;-moz-background-size:cover;-o-background-size:cover;background-size:cover;padding: 0px 0px 0px 0px;\"><div class=\"fusion-text fusion-text-1\"><h2>Nuevos talleres de participaci\u00f3n ciudadana se realizar\u00e1n en Futaleuf\u00fa como parte del proyecto que busca determinar un plan regulador para la comuna<\/h2>\n<\/div><div class=\"fusion-separator\" style=\"align-self: flex-start;margin-right:auto;margin-bottom:40px;width:100%;max-width:50%;\"><div class=\"fusion-separator-border sep-single sep-solid\" style=\"border-color:#6ec1e4;border-top-width:2px;\"><\/div><\/div><div style=\"text-align:center;\"><span class=\"fusion-imageframe imageframe-glow imageframe-1 hover-type-none\" style=\"-webkit-box-shadow: 0 0 3px rgba(0,0,0,0.3);box-shadow: 0 0 3px rgba(0,0,0,0.3);\"><img decoding=\"async\" width=\"1024\" height=\"576\" title=\"foto noticia 5\" src=\"https:\/\/prcfutaleufu.cl\/wp-content\/uploads\/2021\/08\/foto-noticia-5-1024x576.jpg\" class=\"img-responsive wp-image-393\" srcset=\"https:\/\/prcfutaleufu.cl\/wp-content\/uploads\/2021\/08\/foto-noticia-5-200x113.jpg 200w, https:\/\/prcfutaleufu.cl\/wp-content\/uploads\/2021\/08\/foto-noticia-5-400x225.jpg 400w, https:\/\/prcfutaleufu.cl\/wp-content\/uploads\/2021\/08\/foto-noticia-5-600x338.jpg 600w, https:\/\/prcfutaleufu.cl\/wp-content\/uploads\/2021\/08\/foto-noticia-5-800x450.jpg 800w, https:\/\/prcfutaleufu.cl\/wp-content\/uploads\/2021\/08\/foto-noticia-5-1200x675.jpg 1200w\" sizes=\"(max-width: 640px) 100vw, 1200px\" \/><\/span><\/div><div class=\"fusion-separator\" style=\"align-self: flex-start;margin-right:auto;margin-bottom:40px;width:100%;max-width:50%;\"><\/div><div class=\"fusion-text fusion-text-2\"><p style=\"text-align: justify;\">Entre el 16 y el 19 de agosto se realizar\u00e1n las reuniones de trabajo y contar\u00e1n con representantes de juntas de vecinos, asociaciones civiles, p\u00fablicas y privadas.<\/p>\n<p style=\"text-align: justify;\">FUTALEUF\u00da, agosto 2021.- A paso firme avanza el proyecto encomendado por la Municipalidad de Futaleuf\u00fa para el estudio y an\u00e1lisis de un plan regulador para la comuna, luego que se conociera que los d\u00edas 16, 17, 18 y 19 de agosto pr\u00f3ximo, se llevar\u00e1 a cabo la segunda jornada de talleres de trabajo con la comunidad, como parte del proyecto para el \u201cAN\u00c1LISIS DE ESTUDIO DE PLAN REGULADOR COMUNAL DE FUTALEUF\u00da\u201d y cuya primera etapa comenz\u00f3 a ejecutarse en mayo pasado.<\/p>\n<p style=\"text-align: justify;\">Las convocatorias a las reuniones, a cargo de la municipalidad de Futaleuf\u00fa y la empresa COREAL DESARROLLOS T\u00c9CNOL\u00d3GICOS SPA, ya se encuentran en marcha y en los pr\u00f3ximos d\u00edas, estar\u00e1n disponibles todos los detalles en la p\u00e1gina web https:\/\/prcfutaleufu.cl\/ y a trav\u00e9s de las redes sociales de la Municipalidad.<\/p>\n<p style=\"text-align: justify;\">De acuerdo con lo informado por el alcalde de Futaleuf\u00fa, Alejandro Avello, las reuniones de trabajo con la comunidad se han planificado pensando en contar con la opini\u00f3n de los vecinos y actores de la comunidad, a trav\u00e9s de sus representantes, para as\u00ed respetar los aforos dispuestos por la autoridad sanitaria y no poner en riesgo a los habitantes de nuestra comuna.<\/p>\n<p style=\"text-align: justify;\">\u201cAtendiendo a las medidas sanitarias y procurando no retroceder en lo que con esfuerzo hemos logrado, es que en esta oportunidad se han seleccionado representantes de la sociedad donde se incluyen entre otros, juntas de vecinos, asociaciones civiles, p\u00fablicas y privadas\u201d, coment\u00f3 Avello.<\/p>\n<p style=\"text-align: justify;\">El edil recalc\u00f3 la importancia de comprometerse con el progreso arm\u00f3nico de Futaleuf\u00fa y destac\u00f3 los diferentes canales que existen en paralelo a las reuniones de trabajo para pronunciarse sobre el futuro comunal<\/p>\n<p style=\"text-align: justify;\">\u201cFutaleuf\u00fa la hacemos todos, por tanto, si tienes ideas o sugerencias para el futuro de nuestra comuna, tambi\u00e9n puedes hacerlo en el formulario de contacto en www.prcfutaleufu.cl, escribiendo al mail prcfutaleufu@coreal.cl o asistiendo personalmente al municipio donde recibiremos tu opini\u00f3n\u201d, finaliz\u00f3 Avello.<\/p>\n<p style=\"text-align: justify;\">Cabe se\u00f1alar que con el fin de llegar a la mayor participaci\u00f3n ciudadana posible y hacer este proceso representativo y transparente, se realizar\u00e1n transmisiones de los talleres a trav\u00e9s del Facebook Live de la municipalidad: https:\/\/www.facebook.com\/munifutaleufu2021. Asimismo, los avances y detalles ser\u00e1n informados oportunamente a trav\u00e9s de redes sociales y sitio web del proyecto (https:\/\/prcfutaleufu.cl\/)<\/p>\n<\/div><div class=\"fusion-separator\" style=\"align-self: flex-start;margin-right:auto;margin-bottom:40px;width:100%;max-width:50%;\"><\/div><\/div><style type=\"text\/css\">.fusion-body .fusion-builder-column-0{width:100% !important;margin-top : 0px;margin-bottom : 0px;}.fusion-builder-column-0 > .fusion-column-wrapper {padding-top : 0px !important;padding-right : 0px !important;margin-right : 1.92%;padding-bottom : 0px !important;padding-left : 0px !important;margin-left : 1.92%;}@media only screen and (max-width:1024px) {.fusion-body .fusion-builder-column-0{width:100% !important;order : 0;}.fusion-builder-column-0 > .fusion-column-wrapper {margin-right : 1.92%;margin-left : 1.92%;}}@media only screen and (max-width:640px) {.fusion-body .fusion-builder-column-0{width:100% !important;order : 0;}.fusion-builder-column-0 > .fusion-column-wrapper {margin-right : 1.92%;margin-left : 1.92%;}}<\/style><\/div><\/div><style type=\"text\/css\">.fusion-body .fusion-flex-container.fusion-builder-row-1{ padding-top : 0px;margin-top : 0px;padding-right : 0px;padding-bottom : 0px;margin-bottom : 0px;padding-left : 0px;}<\/style><\/div>","protected":false},"excerpt":{"rendered":"","protected":false},"author":1,"featured_media":0,"parent":0,"menu_order":0,"comment_status":"closed","ping_status":"closed","template":"","meta":{"footnotes":""},"class_list":["post-392","page","type-page","status-publish","hentry"],"_links":{"self":[{"href":"https:\/\/prcfutaleufu.cl\/en\/wp-json\/wp\/v2\/pages\/392","targetHints":{"allow":["GET"]}}],"collection":[{"href":"https:\/\/prcfutaleufu.cl\/en\/wp-json\/wp\/v2\/pages"}],"about":[{"href":"https:\/\/prcfutaleufu.cl\/en\/wp-json\/wp\/v2\/types\/page"}],"author":[{"embeddable":true,"href":"https:\/\/prcfutaleufu.cl\/en\/wp-json\/wp\/v2\/users\/1"}],"replies":[{"embeddable":true,"href":"https:\/\/prcfutaleufu.cl\/en\/wp-json\/wp\/v2\/comments?post=392"}],"version-history":[{"count":1,"href":"https:\/\/prcfutaleufu.cl\/en\/wp-json\/wp\/v2\/pages\/392\/revisions"}],"predecessor-version":[{"id":394,"href":"https:\/\/prcfutaleufu.cl\/en\/wp-json\/wp\/v2\/pages\/392\/revisions\/394"}],"wp:attachment":[{"href":"https:\/\/prcfutaleufu.cl\/en\/wp-json\/wp\/v2\/media?parent=392"}],"curies":[{"name":"wp","href":"https:\/\/api.w.org\/{rel}","templated":true}]}}

Nuevos talleres de participación ciudadana se realizarán en Futaleufú como parte del proyecto que busca determinar un plan regulador para la comuna

<div class="fusion-fullwidth fullwidth-box fusion-builder-row-1 fusion-flex-container nonhundred-percent-fullwidth non-hundred-percent-height-scrolling" style="background-color: rgba(255,255,255,0);background-position: center center;background-repeat: no-repeat;border-width: 0px 0px 0px 0px;border-color:#e2e2e2;border-style:solid;" ><div class="fusion-builder-row fusion-row fusion-flex-align-items-flex-start" style="max-width:1248px;margin-left: calc(-4% / 2 );margin-right: calc(-4% / 2 );"><div class="fusion-layout-column fusion_builder_column fusion-builder-column-0 fusion_builder_column_1_1 1_1 fusion-flex-column"><div class="fusion-column-wrapper fusion-flex-justify-content-flex-start fusion-content-layout-column" style="background-position:left top;background-repeat:no-repeat;-webkit-background-size:cover;-moz-background-size:cover;-o-background-size:cover;background-size:cover;padding: 0px 0px 0px 0px;"><div class="fusion-text fusion-text-1"><h2>Nuevos talleres de participación ciudadana se realizarán en Futaleufú como parte del proyecto que busca determinar un plan regulador para la comuna</h2>
</div><div class="fusion-separator" style="align-self: flex-start;margin-right:auto;margin-bottom:40px;width:100%;max-width:50%;"><div class="fusion-separator-border sep-single sep-solid" style="border-color:#6ec1e4;border-top-width:2px;"></div></div><div style="text-align:center;"><span class="fusion-imageframe imageframe-glow imageframe-1 hover-type-none" style="-webkit-box-shadow: 0 0 3px rgba(0,0,0,0.3);box-shadow: 0 0 3px rgba(0,0,0,0.3);"><img decoding="async" width="1024" height="576" title="foto noticia 5" src="https://prcfutaleufu.cl/wp-content/uploads/2021/08/foto-noticia-5-1024x576.jpg" class="img-responsive wp-image-393" srcset="https://prcfutaleufu.cl/wp-content/uploads/2021/08/foto-noticia-5-200x113.jpg 200w, https://prcfutaleufu.cl/wp-content/uploads/2021/08/foto-noticia-5-400x225.jpg 400w, https://prcfutaleufu.cl/wp-content/uploads/2021/08/foto-noticia-5-600x338.jpg 600w, https://prcfutaleufu.cl/wp-content/uploads/2021/08/foto-noticia-5-800x450.jpg 800w, https://prcfutaleufu.cl/wp-content/uploads/2021/08/foto-noticia-5-1200x675.jpg 1200w" sizes="(max-width: 640px) 100vw, 1200px" /></span></div><div class="fusion-separator" style="align-self: flex-start;margin-right:auto;margin-bottom:40px;width:100%;max-width:50%;"></div><div class="fusion-text fusion-text-2"><p style="text-align: justify;">Entre el 16 y el 19 de agosto se realizarán las reuniones de trabajo y contarán con representantes de juntas de vecinos, asociaciones civiles, públicas y privadas.</p>
<p style="text-align: justify;">FUTALEUFÚ, agosto 2021.- A paso firme avanza el proyecto encomendado por la Municipalidad de Futaleufú para el estudio y análisis de un plan regulador para la comuna, luego que se conociera que los días 16, 17, 18 y 19 de agosto próximo, se llevará a cabo la segunda jornada de talleres de trabajo con la comunidad, como parte del proyecto para el “ANÁLISIS DE ESTUDIO DE PLAN REGULADOR COMUNAL DE FUTALEUFÚ” y cuya primera etapa comenzó a ejecutarse en mayo pasado.</p>
<p style="text-align: justify;">Las convocatorias a las reuniones, a cargo de la municipalidad de Futaleufú y la empresa COREAL DESARROLLOS TÉCNOLÓGICOS SPA, ya se encuentran en marcha y en los próximos días, estarán disponibles todos los detalles en la página web https://prcfutaleufu.cl/ y a través de las redes sociales de la Municipalidad.</p>
<p style="text-align: justify;">De acuerdo con lo informado por el alcalde de Futaleufú, Alejandro Avello, las reuniones de trabajo con la comunidad se han planificado pensando en contar con la opinión de los vecinos y actores de la comunidad, a través de sus representantes, para así respetar los aforos dispuestos por la autoridad sanitaria y no poner en riesgo a los habitantes de nuestra comuna.</p>
<p style="text-align: justify;">“Atendiendo a las medidas sanitarias y procurando no retroceder en lo que con esfuerzo hemos logrado, es que en esta oportunidad se han seleccionado representantes de la sociedad donde se incluyen entre otros, juntas de vecinos, asociaciones civiles, públicas y privadas”, comentó Avello.</p>
<p style="text-align: justify;">El edil recalcó la importancia de comprometerse con el progreso armónico de Futaleufú y destacó los diferentes canales que existen en paralelo a las reuniones de trabajo para pronunciarse sobre el futuro comunal</p>
<p style="text-align: justify;">“Futaleufú la hacemos todos, por tanto, si tienes ideas o sugerencias para el futuro de nuestra comuna, también puedes hacerlo en el formulario de contacto en www.prcfutaleufu.cl, escribiendo al mail prcfutaleufu@coreal.cl o asistiendo personalmente al municipio donde recibiremos tu opinión”, finalizó Avello.</p>
<p style="text-align: justify;">Cabe señalar que con el fin de llegar a la mayor participación ciudadana posible y hacer este proceso representativo y transparente, se realizarán transmisiones de los talleres a través del Facebook Live de la municipalidad: https://www.facebook.com/munifutaleufu2021. Asimismo, los avances y detalles serán informados oportunamente a través de redes sociales y sitio web del proyecto (https://prcfutaleufu.cl/)</p>
</div><div class="fusion-separator" style="align-self: flex-start;margin-right:auto;margin-bottom:40px;width:100%;max-width:50%;"></div></div><style type="text/css">.fusion-body .fusion-builder-column-0{width:100% !important;margin-top : 0px;margin-bottom : 0px;}.fusion-builder-column-0 > .fusion-column-wrapper {padding-top : 0px !important;padding-right : 0px !important;margin-right : 1.92%;padding-bottom : 0px !important;padding-left : 0px !important;margin-left : 1.92%;}@media only screen and (max-width:1024px) {.fusion-body .fusion-builder-column-0{width:100% !important;order : 0;}.fusion-builder-column-0 > .fusion-column-wrapper {margin-right : 1.92%;margin-left : 1.92%;}}@media only screen and (max-width:640px) {.fusion-body .fusion-builder-column-0{width:100% !important;order : 0;}.fusion-builder-column-0 > .fusion-column-wrapper {margin-right : 1.92%;margin-left : 1.92%;}}</style></div></div><style type="text/css">.fusion-body .fusion-flex-container.fusion-builder-row-1{ padding-top : 0px;margin-top : 0px;padding-right : 0px;padding-bottom : 0px;margin-bottom : 0px;padding-left : 0px;}</style></div>
