{"id":381,"date":"2021-06-15T07:46:08","date_gmt":"2021-06-15T07:46:08","guid":{"rendered":"https:\/\/prcfutaleufu.cl\/?page_id=381"},"modified":"2021-06-15T07:46:29","modified_gmt":"2021-06-15T07:46:29","slug":"exitoso-taller-de-participacion-ciudadana-con-adultos-mayores","status":"publish","type":"page","link":"https:\/\/prcfutaleufu.cl\/en\/exitoso-taller-de-participacion-ciudadana-con-adultos-mayores\/","title":{"rendered":"Exitoso Taller de Participaci\u00f3n Ciudadana con Adultos Mayores"},"content":{"rendered":"<div class=\"fusion-fullwidth fullwidth-box fusion-builder-row-1 fusion-flex-container nonhundred-percent-fullwidth non-hundred-percent-height-scrolling\" style=\"background-color: rgba(255,255,255,0);background-position: center center;background-repeat: no-repeat;border-width: 0px 0px 0px 0px;border-color:#e2e2e2;border-style:solid;\" ><div class=\"fusion-builder-row fusion-row fusion-flex-align-items-flex-start\" style=\"max-width:1248px;margin-left: calc(-4% \/ 2 );margin-right: calc(-4% \/ 2 );\"><div class=\"fusion-layout-column fusion_builder_column fusion-builder-column-0 fusion_builder_column_1_1 1_1 fusion-flex-column\"><div class=\"fusion-column-wrapper fusion-flex-justify-content-flex-start fusion-content-layout-column\" style=\"background-position:left top;background-repeat:no-repeat;-webkit-background-size:cover;-moz-background-size:cover;-o-background-size:cover;background-size:cover;padding: 0px 0px 0px 0px;\"><div class=\"fusion-text fusion-text-1\"><h2>Exitoso Taller de Participaci\u00f3n Ciudadana con Adultos Mayores<\/h2>\n<\/div><div class=\"fusion-separator\" style=\"align-self: flex-start;margin-right:auto;margin-bottom:40px;width:100%;max-width:50%;\"><div class=\"fusion-separator-border sep-single sep-solid\" style=\"border-color:#6ec1e4;border-top-width:2px;\"><\/div><\/div><div style=\"text-align:center;\"><span class=\"fusion-imageframe imageframe-glow imageframe-1 hover-type-none\" style=\"-webkit-box-shadow: 0 0 3px rgba(0,0,0,0.3);box-shadow: 0 0 3px rgba(0,0,0,0.3);\"><img decoding=\"async\" width=\"1024\" height=\"576\" title=\"portada noticia 4-1\" src=\"https:\/\/prcfutaleufu.cl\/wp-content\/uploads\/2021\/06\/portada-noticia-4-1-1024x576.jpg\" class=\"img-responsive wp-image-382\" srcset=\"https:\/\/prcfutaleufu.cl\/wp-content\/uploads\/2021\/06\/portada-noticia-4-1-200x113.jpg 200w, https:\/\/prcfutaleufu.cl\/wp-content\/uploads\/2021\/06\/portada-noticia-4-1-400x225.jpg 400w, https:\/\/prcfutaleufu.cl\/wp-content\/uploads\/2021\/06\/portada-noticia-4-1-600x338.jpg 600w, https:\/\/prcfutaleufu.cl\/wp-content\/uploads\/2021\/06\/portada-noticia-4-1-800x450.jpg 800w, https:\/\/prcfutaleufu.cl\/wp-content\/uploads\/2021\/06\/portada-noticia-4-1-1200x675.jpg 1200w\" sizes=\"(max-width: 640px) 100vw, 1200px\" \/><\/span><\/div><div class=\"fusion-separator\" style=\"align-self: flex-start;margin-right:auto;margin-bottom:40px;width:100%;max-width:50%;\"><\/div><div class=\"fusion-text fusion-text-2\"><p>Ya finaliz\u00f3 la primera jornada Participaci\u00f3n Activa Ciudadana (PAC) de an\u00e1lisis de estudio de Plan Regulador en nuestra comuna, actividad organizada por el municipio junto a la empresa consultora COREAL DESARROLLOS TECNOL\u00d3GICOS SPA, instancia que permiti\u00f3 la participaci\u00f3n ciudadana de distintos \u201cactores claves\u201d de Futaleuf\u00fa, que fueron invitados de forma preferencial debido a la situaci\u00f3n sanitaria del pa\u00eds.<\/p>\n<p>Las actividades de participaci\u00f3n iniciaron con un taller junto a vecinos adultos mayores. Quisimos comenzar la etapa de participaci\u00f3n ciudadana recogiendo las experiencias, necesidades y sue\u00f1os de los vecinos m\u00e1s experimentados de nuestra comunidad.<\/p>\n<p>Durante este taller pudimos no s\u00f3lo entender las necesidades y desaf\u00edos de la tercera edad respecto a nuestra ciudad, sino tambi\u00e9n poder compartir y recibir las experiencias de vida, conocimientos y la historia de Futaleuf\u00fa.<\/p>\n<p>Esperamos que en el pr\u00f3ximo ciclo de talleres podamos volver a contar con sus experiencias y opiniones, as\u00ed como tambi\u00e9n que se puedan sumar m\u00e1s vecinos de la tercera edad, quienes, en esta oportunidad, dado las condiciones sanitarias y las precauciones que se deben asumir, no pudieron participar.<\/p>\n<p>Los dejamos invitados desde ya a poder participar en las pr\u00f3ximas sesiones de Participaci\u00f3n Ciudadana. Si quieres saber m\u00e1s, opinar o inscribirte para las futuras reuniones, puedes hacerlo en la p\u00e1gina www.prcfutaleufu.cl o dirigirte a las oficinas del SECPLA en la municipalidad.<\/p>\n<p>\u00a1Plan Regulador Comunal de Futaleuf\u00fa, estamos creando nuestro futuro!<\/p>\n<\/div><div class=\"fusion-separator\" style=\"align-self: flex-start;margin-right:auto;margin-bottom:40px;width:100%;max-width:50%;\"><\/div><\/div><style type=\"text\/css\">.fusion-body .fusion-builder-column-0{width:100% !important;margin-top : 0px;margin-bottom : 0px;}.fusion-builder-column-0 > .fusion-column-wrapper {padding-top : 0px !important;padding-right : 0px !important;margin-right : 1.92%;padding-bottom : 0px !important;padding-left : 0px !important;margin-left : 1.92%;}@media only screen and (max-width:1024px) {.fusion-body .fusion-builder-column-0{width:100% !important;order : 0;}.fusion-builder-column-0 > .fusion-column-wrapper {margin-right : 1.92%;margin-left : 1.92%;}}@media only screen and (max-width:640px) {.fusion-body .fusion-builder-column-0{width:100% !important;order : 0;}.fusion-builder-column-0 > .fusion-column-wrapper {margin-right : 1.92%;margin-left : 1.92%;}}<\/style><\/div><\/div><style type=\"text\/css\">.fusion-body .fusion-flex-container.fusion-builder-row-1{ padding-top : 0px;margin-top : 0px;padding-right : 0px;padding-bottom : 0px;margin-bottom : 0px;padding-left : 0px;}<\/style><\/div>","protected":false},"excerpt":{"rendered":"","protected":false},"author":1,"featured_media":0,"parent":0,"menu_order":0,"comment_status":"closed","ping_status":"closed","template":"","meta":{"footnotes":""},"class_list":["post-381","page","type-page","status-publish","hentry"],"_links":{"self":[{"href":"https:\/\/prcfutaleufu.cl\/en\/wp-json\/wp\/v2\/pages\/381","targetHints":{"allow":["GET"]}}],"collection":[{"href":"https:\/\/prcfutaleufu.cl\/en\/wp-json\/wp\/v2\/pages"}],"about":[{"href":"https:\/\/prcfutaleufu.cl\/en\/wp-json\/wp\/v2\/types\/page"}],"author":[{"embeddable":true,"href":"https:\/\/prcfutaleufu.cl\/en\/wp-json\/wp\/v2\/users\/1"}],"replies":[{"embeddable":true,"href":"https:\/\/prcfutaleufu.cl\/en\/wp-json\/wp\/v2\/comments?post=381"}],"version-history":[{"count":2,"href":"https:\/\/prcfutaleufu.cl\/en\/wp-json\/wp\/v2\/pages\/381\/revisions"}],"predecessor-version":[{"id":384,"href":"https:\/\/prcfutaleufu.cl\/en\/wp-json\/wp\/v2\/pages\/381\/revisions\/384"}],"wp:attachment":[{"href":"https:\/\/prcfutaleufu.cl\/en\/wp-json\/wp\/v2\/media?parent=381"}],"curies":[{"name":"wp","href":"https:\/\/api.w.org\/{rel}","templated":true}]}}

Exitoso Taller de Participación Ciudadana con Adultos Mayores

<div class="fusion-fullwidth fullwidth-box fusion-builder-row-1 fusion-flex-container nonhundred-percent-fullwidth non-hundred-percent-height-scrolling" style="background-color: rgba(255,255,255,0);background-position: center center;background-repeat: no-repeat;border-width: 0px 0px 0px 0px;border-color:#e2e2e2;border-style:solid;" ><div class="fusion-builder-row fusion-row fusion-flex-align-items-flex-start" style="max-width:1248px;margin-left: calc(-4% / 2 );margin-right: calc(-4% / 2 );"><div class="fusion-layout-column fusion_builder_column fusion-builder-column-0 fusion_builder_column_1_1 1_1 fusion-flex-column"><div class="fusion-column-wrapper fusion-flex-justify-content-flex-start fusion-content-layout-column" style="background-position:left top;background-repeat:no-repeat;-webkit-background-size:cover;-moz-background-size:cover;-o-background-size:cover;background-size:cover;padding: 0px 0px 0px 0px;"><div class="fusion-text fusion-text-1"><h2>Exitoso Taller de Participación Ciudadana con Adultos Mayores</h2>
</div><div class="fusion-separator" style="align-self: flex-start;margin-right:auto;margin-bottom:40px;width:100%;max-width:50%;"><div class="fusion-separator-border sep-single sep-solid" style="border-color:#6ec1e4;border-top-width:2px;"></div></div><div style="text-align:center;"><span class="fusion-imageframe imageframe-glow imageframe-1 hover-type-none" style="-webkit-box-shadow: 0 0 3px rgba(0,0,0,0.3);box-shadow: 0 0 3px rgba(0,0,0,0.3);"><img decoding="async" width="1024" height="576" title="portada noticia 4-1" src="https://prcfutaleufu.cl/wp-content/uploads/2021/06/portada-noticia-4-1-1024x576.jpg" class="img-responsive wp-image-382" srcset="https://prcfutaleufu.cl/wp-content/uploads/2021/06/portada-noticia-4-1-200x113.jpg 200w, https://prcfutaleufu.cl/wp-content/uploads/2021/06/portada-noticia-4-1-400x225.jpg 400w, https://prcfutaleufu.cl/wp-content/uploads/2021/06/portada-noticia-4-1-600x338.jpg 600w, https://prcfutaleufu.cl/wp-content/uploads/2021/06/portada-noticia-4-1-800x450.jpg 800w, https://prcfutaleufu.cl/wp-content/uploads/2021/06/portada-noticia-4-1-1200x675.jpg 1200w" sizes="(max-width: 640px) 100vw, 1200px" /></span></div><div class="fusion-separator" style="align-self: flex-start;margin-right:auto;margin-bottom:40px;width:100%;max-width:50%;"></div><div class="fusion-text fusion-text-2"><p>Ya finalizó la primera jornada Participación Activa Ciudadana (PAC) de análisis de estudio de Plan Regulador en nuestra comuna, actividad organizada por el municipio junto a la empresa consultora COREAL DESARROLLOS TECNOLÓGICOS SPA, instancia que permitió la participación ciudadana de distintos “actores claves” de Futaleufú, que fueron invitados de forma preferencial debido a la situación sanitaria del país.</p>
<p>Las actividades de participación iniciaron con un taller junto a vecinos adultos mayores. Quisimos comenzar la etapa de participación ciudadana recogiendo las experiencias, necesidades y sueños de los vecinos más experimentados de nuestra comunidad.</p>
<p>Durante este taller pudimos no sólo entender las necesidades y desafíos de la tercera edad respecto a nuestra ciudad, sino también poder compartir y recibir las experiencias de vida, conocimientos y la historia de Futaleufú.</p>
<p>Esperamos que en el próximo ciclo de talleres podamos volver a contar con sus experiencias y opiniones, así como también que se puedan sumar más vecinos de la tercera edad, quienes, en esta oportunidad, dado las condiciones sanitarias y las precauciones que se deben asumir, no pudieron participar.</p>
<p>Los dejamos invitados desde ya a poder participar en las próximas sesiones de Participación Ciudadana. Si quieres saber más, opinar o inscribirte para las futuras reuniones, puedes hacerlo en la página www.prcfutaleufu.cl o dirigirte a las oficinas del SECPLA en la municipalidad.</p>
<p>¡Plan Regulador Comunal de Futaleufú, estamos creando nuestro futuro!</p>
</div><div class="fusion-separator" style="align-self: flex-start;margin-right:auto;margin-bottom:40px;width:100%;max-width:50%;"></div></div><style type="text/css">.fusion-body .fusion-builder-column-0{width:100% !important;margin-top : 0px;margin-bottom : 0px;}.fusion-builder-column-0 > .fusion-column-wrapper {padding-top : 0px !important;padding-right : 0px !important;margin-right : 1.92%;padding-bottom : 0px !important;padding-left : 0px !important;margin-left : 1.92%;}@media only screen and (max-width:1024px) {.fusion-body .fusion-builder-column-0{width:100% !important;order : 0;}.fusion-builder-column-0 > .fusion-column-wrapper {margin-right : 1.92%;margin-left : 1.92%;}}@media only screen and (max-width:640px) {.fusion-body .fusion-builder-column-0{width:100% !important;order : 0;}.fusion-builder-column-0 > .fusion-column-wrapper {margin-right : 1.92%;margin-left : 1.92%;}}</style></div></div><style type="text/css">.fusion-body .fusion-flex-container.fusion-builder-row-1{ padding-top : 0px;margin-top : 0px;padding-right : 0px;padding-bottom : 0px;margin-bottom : 0px;padding-left : 0px;}</style></div>
