{"id":377,"date":"2021-06-15T07:26:58","date_gmt":"2021-06-15T07:26:58","guid":{"rendered":"https:\/\/prcfutaleufu.cl\/?page_id=377"},"modified":"2021-06-15T07:26:58","modified_gmt":"2021-06-15T07:26:58","slug":"taller-de-participacion-ciudadana-espolon","status":"publish","type":"page","link":"https:\/\/prcfutaleufu.cl\/en\/taller-de-participacion-ciudadana-espolon\/","title":{"rendered":"Taller de participaci\u00f3n ciudadana Espol\u00f3n"},"content":{"rendered":"<div class=\"fusion-fullwidth fullwidth-box fusion-builder-row-1 fusion-flex-container nonhundred-percent-fullwidth non-hundred-percent-height-scrolling\" style=\"background-color: rgba(255,255,255,0);background-position: center center;background-repeat: no-repeat;border-width: 0px 0px 0px 0px;border-color:#e2e2e2;border-style:solid;\" ><div class=\"fusion-builder-row fusion-row fusion-flex-align-items-flex-start\" style=\"max-width:1248px;margin-left: calc(-4% \/ 2 );margin-right: calc(-4% \/ 2 );\"><div class=\"fusion-layout-column fusion_builder_column fusion-builder-column-0 fusion_builder_column_1_1 1_1 fusion-flex-column\"><div class=\"fusion-column-wrapper fusion-flex-justify-content-flex-start fusion-content-layout-column\" style=\"background-position:left top;background-repeat:no-repeat;-webkit-background-size:cover;-moz-background-size:cover;-o-background-size:cover;background-size:cover;padding: 0px 0px 0px 0px;\"><div class=\"fusion-text fusion-text-1\"><h2>Taller de participaci\u00f3n ciudadana Espol\u00f3n<\/h2>\n<\/div><div class=\"fusion-separator\" style=\"align-self: flex-start;margin-right:auto;margin-bottom:40px;width:100%;max-width:50%;\"><div class=\"fusion-separator-border sep-single sep-solid\" style=\"border-color:#6ec1e4;border-top-width:2px;\"><\/div><\/div><div style=\"text-align:center;\"><span class=\"fusion-imageframe imageframe-glow imageframe-1 hover-type-none\" style=\"-webkit-box-shadow: 0 0 3px rgba(0,0,0,0.3);box-shadow: 0 0 3px rgba(0,0,0,0.3);\"><img decoding=\"async\" width=\"1024\" height=\"576\" title=\"portada noticia 3-1\" src=\"https:\/\/prcfutaleufu.cl\/wp-content\/uploads\/2021\/06\/portada-noticia-3-1-1024x576.jpg\" class=\"img-responsive wp-image-378\" srcset=\"https:\/\/prcfutaleufu.cl\/wp-content\/uploads\/2021\/06\/portada-noticia-3-1-200x113.jpg 200w, https:\/\/prcfutaleufu.cl\/wp-content\/uploads\/2021\/06\/portada-noticia-3-1-400x225.jpg 400w, https:\/\/prcfutaleufu.cl\/wp-content\/uploads\/2021\/06\/portada-noticia-3-1-600x338.jpg 600w, https:\/\/prcfutaleufu.cl\/wp-content\/uploads\/2021\/06\/portada-noticia-3-1-800x450.jpg 800w, https:\/\/prcfutaleufu.cl\/wp-content\/uploads\/2021\/06\/portada-noticia-3-1-1200x675.jpg 1200w\" sizes=\"(max-width: 640px) 100vw, 1200px\" \/><\/span><\/div><div class=\"fusion-separator\" style=\"align-self: flex-start;margin-right:auto;margin-bottom:40px;width:100%;max-width:50%;\"><\/div><div class=\"fusion-text fusion-text-2\"><p>Ya finaliz\u00f3 la primera jornada de participaci\u00f3n ciudadana del estudio de Plan Regulador en nuestra comuna, actividad organizada por el municipio junto a la empresa consultora COREAL DESARROLLOS TECNOL\u00d3GICOS SPA, instancia que permiti\u00f3 la participaci\u00f3n de distintos \u201cactores claves\u201d de Futaleuf\u00fa, que fueron invitados de forma preferencial debido a la situaci\u00f3n sanitaria del pa\u00eds.<\/p>\n<p>En esta oportunidad las actividades de Participaci\u00f3n Ciudadana consideraron un taller en la zona de El Espol\u00f3n. Para eso nos trasladamos a la escuela del Espol\u00f3n, donde pudimos reunirnos con vecinos y equipo docente de la escuela para conocer sus impresiones respecto al Plan Regulador que se est\u00e1 desarrollando para la comuna.<\/p>\n<p>Aunque el Plan Regulador s\u00f3lo afecta las \u00e1reas urbanas, quisimos conocer tambi\u00e9n la opini\u00f3n de vecinos m\u00e1s distantes, la relaci\u00f3n que tienen con la ciudad as\u00ed como tambi\u00e9n las expectativas de los vecinos en zonas rurales.<\/p>\n<p>Pr\u00f3ximamente se realizar\u00e1n nuevas jornadas de participaci\u00f3n ciudadana quedan desde ya invitados a participar todos los vecinos de Futaleuf\u00fa. Si quieres saber m\u00e1s, opinar o inscribirte para las futuras reuniones, puedes hacerlo en la p\u00e1gina www.prcfutaleufu.cl o dirigirte a las oficinas del SECPLA en la municipalidad.<\/p>\n<p>\u00a1Plan Regulador Comunal de Futaleuf\u00fa, estamos creando nuestro futuro!<\/p>\n<\/div><div class=\"fusion-separator\" style=\"align-self: flex-start;margin-right:auto;margin-bottom:40px;width:100%;max-width:50%;\"><\/div><\/div><style type=\"text\/css\">.fusion-body .fusion-builder-column-0{width:100% !important;margin-top : 0px;margin-bottom : 0px;}.fusion-builder-column-0 > .fusion-column-wrapper {padding-top : 0px !important;padding-right : 0px !important;margin-right : 1.92%;padding-bottom : 0px !important;padding-left : 0px !important;margin-left : 1.92%;}@media only screen and (max-width:1024px) {.fusion-body .fusion-builder-column-0{width:100% !important;order : 0;}.fusion-builder-column-0 > .fusion-column-wrapper {margin-right : 1.92%;margin-left : 1.92%;}}@media only screen and (max-width:640px) {.fusion-body .fusion-builder-column-0{width:100% !important;order : 0;}.fusion-builder-column-0 > .fusion-column-wrapper {margin-right : 1.92%;margin-left : 1.92%;}}<\/style><\/div><\/div><style type=\"text\/css\">.fusion-body .fusion-flex-container.fusion-builder-row-1{ padding-top : 0px;margin-top : 0px;padding-right : 0px;padding-bottom : 0px;margin-bottom : 0px;padding-left : 0px;}<\/style><\/div>","protected":false},"excerpt":{"rendered":"","protected":false},"author":1,"featured_media":0,"parent":0,"menu_order":0,"comment_status":"closed","ping_status":"closed","template":"","meta":{"footnotes":""},"class_list":["post-377","page","type-page","status-publish","hentry"],"_links":{"self":[{"href":"https:\/\/prcfutaleufu.cl\/en\/wp-json\/wp\/v2\/pages\/377","targetHints":{"allow":["GET"]}}],"collection":[{"href":"https:\/\/prcfutaleufu.cl\/en\/wp-json\/wp\/v2\/pages"}],"about":[{"href":"https:\/\/prcfutaleufu.cl\/en\/wp-json\/wp\/v2\/types\/page"}],"author":[{"embeddable":true,"href":"https:\/\/prcfutaleufu.cl\/en\/wp-json\/wp\/v2\/users\/1"}],"replies":[{"embeddable":true,"href":"https:\/\/prcfutaleufu.cl\/en\/wp-json\/wp\/v2\/comments?post=377"}],"version-history":[{"count":1,"href":"https:\/\/prcfutaleufu.cl\/en\/wp-json\/wp\/v2\/pages\/377\/revisions"}],"predecessor-version":[{"id":379,"href":"https:\/\/prcfutaleufu.cl\/en\/wp-json\/wp\/v2\/pages\/377\/revisions\/379"}],"wp:attachment":[{"href":"https:\/\/prcfutaleufu.cl\/en\/wp-json\/wp\/v2\/media?parent=377"}],"curies":[{"name":"wp","href":"https:\/\/api.w.org\/{rel}","templated":true}]}}

Taller de participación ciudadana Espolón

<div class="fusion-fullwidth fullwidth-box fusion-builder-row-1 fusion-flex-container nonhundred-percent-fullwidth non-hundred-percent-height-scrolling" style="background-color: rgba(255,255,255,0);background-position: center center;background-repeat: no-repeat;border-width: 0px 0px 0px 0px;border-color:#e2e2e2;border-style:solid;" ><div class="fusion-builder-row fusion-row fusion-flex-align-items-flex-start" style="max-width:1248px;margin-left: calc(-4% / 2 );margin-right: calc(-4% / 2 );"><div class="fusion-layout-column fusion_builder_column fusion-builder-column-0 fusion_builder_column_1_1 1_1 fusion-flex-column"><div class="fusion-column-wrapper fusion-flex-justify-content-flex-start fusion-content-layout-column" style="background-position:left top;background-repeat:no-repeat;-webkit-background-size:cover;-moz-background-size:cover;-o-background-size:cover;background-size:cover;padding: 0px 0px 0px 0px;"><div class="fusion-text fusion-text-1"><h2>Taller de participación ciudadana Espolón</h2>
</div><div class="fusion-separator" style="align-self: flex-start;margin-right:auto;margin-bottom:40px;width:100%;max-width:50%;"><div class="fusion-separator-border sep-single sep-solid" style="border-color:#6ec1e4;border-top-width:2px;"></div></div><div style="text-align:center;"><span class="fusion-imageframe imageframe-glow imageframe-1 hover-type-none" style="-webkit-box-shadow: 0 0 3px rgba(0,0,0,0.3);box-shadow: 0 0 3px rgba(0,0,0,0.3);"><img decoding="async" width="1024" height="576" title="portada noticia 3-1" src="https://prcfutaleufu.cl/wp-content/uploads/2021/06/portada-noticia-3-1-1024x576.jpg" class="img-responsive wp-image-378" srcset="https://prcfutaleufu.cl/wp-content/uploads/2021/06/portada-noticia-3-1-200x113.jpg 200w, https://prcfutaleufu.cl/wp-content/uploads/2021/06/portada-noticia-3-1-400x225.jpg 400w, https://prcfutaleufu.cl/wp-content/uploads/2021/06/portada-noticia-3-1-600x338.jpg 600w, https://prcfutaleufu.cl/wp-content/uploads/2021/06/portada-noticia-3-1-800x450.jpg 800w, https://prcfutaleufu.cl/wp-content/uploads/2021/06/portada-noticia-3-1-1200x675.jpg 1200w" sizes="(max-width: 640px) 100vw, 1200px" /></span></div><div class="fusion-separator" style="align-self: flex-start;margin-right:auto;margin-bottom:40px;width:100%;max-width:50%;"></div><div class="fusion-text fusion-text-2"><p>Ya finalizó la primera jornada de participación ciudadana del estudio de Plan Regulador en nuestra comuna, actividad organizada por el municipio junto a la empresa consultora COREAL DESARROLLOS TECNOLÓGICOS SPA, instancia que permitió la participación de distintos “actores claves” de Futaleufú, que fueron invitados de forma preferencial debido a la situación sanitaria del país.</p>
<p>En esta oportunidad las actividades de Participación Ciudadana consideraron un taller en la zona de El Espolón. Para eso nos trasladamos a la escuela del Espolón, donde pudimos reunirnos con vecinos y equipo docente de la escuela para conocer sus impresiones respecto al Plan Regulador que se está desarrollando para la comuna.</p>
<p>Aunque el Plan Regulador sólo afecta las áreas urbanas, quisimos conocer también la opinión de vecinos más distantes, la relación que tienen con la ciudad así como también las expectativas de los vecinos en zonas rurales.</p>
<p>Próximamente se realizarán nuevas jornadas de participación ciudadana quedan desde ya invitados a participar todos los vecinos de Futaleufú. Si quieres saber más, opinar o inscribirte para las futuras reuniones, puedes hacerlo en la página www.prcfutaleufu.cl o dirigirte a las oficinas del SECPLA en la municipalidad.</p>
<p>¡Plan Regulador Comunal de Futaleufú, estamos creando nuestro futuro!</p>
</div><div class="fusion-separator" style="align-self: flex-start;margin-right:auto;margin-bottom:40px;width:100%;max-width:50%;"></div></div><style type="text/css">.fusion-body .fusion-builder-column-0{width:100% !important;margin-top : 0px;margin-bottom : 0px;}.fusion-builder-column-0 > .fusion-column-wrapper {padding-top : 0px !important;padding-right : 0px !important;margin-right : 1.92%;padding-bottom : 0px !important;padding-left : 0px !important;margin-left : 1.92%;}@media only screen and (max-width:1024px) {.fusion-body .fusion-builder-column-0{width:100% !important;order : 0;}.fusion-builder-column-0 > .fusion-column-wrapper {margin-right : 1.92%;margin-left : 1.92%;}}@media only screen and (max-width:640px) {.fusion-body .fusion-builder-column-0{width:100% !important;order : 0;}.fusion-builder-column-0 > .fusion-column-wrapper {margin-right : 1.92%;margin-left : 1.92%;}}</style></div></div><style type="text/css">.fusion-body .fusion-flex-container.fusion-builder-row-1{ padding-top : 0px;margin-top : 0px;padding-right : 0px;padding-bottom : 0px;margin-bottom : 0px;padding-left : 0px;}</style></div>
