{"id":360,"date":"2021-05-27T10:28:25","date_gmt":"2021-05-27T10:28:25","guid":{"rendered":"https:\/\/prcfutaleufu.cl\/?page_id=360"},"modified":"2021-05-27T11:27:06","modified_gmt":"2021-05-27T11:27:06","slug":"finalizaron-las-primeras-jornadas-de-participacion-ciudadana-del-plan-regulador-comunal-de-futaleufu","status":"publish","type":"page","link":"https:\/\/prcfutaleufu.cl\/en\/finalizaron-las-primeras-jornadas-de-participacion-ciudadana-del-plan-regulador-comunal-de-futaleufu\/","title":{"rendered":"Finalizaron las primeras jornadas de participaci\u00f3n ciudadana del Plan Regulador Comunal de Futaleuf\u00fa"},"content":{"rendered":"<div class=\"fusion-fullwidth fullwidth-box fusion-builder-row-1 fusion-flex-container nonhundred-percent-fullwidth non-hundred-percent-height-scrolling\" style=\"background-color: rgba(255,255,255,0);background-position: center center;background-repeat: no-repeat;border-width: 0px 0px 0px 0px;border-color:#e2e2e2;border-style:solid;\" ><div class=\"fusion-builder-row fusion-row fusion-flex-align-items-flex-start\" style=\"max-width:1248px;margin-left: calc(-4% \/ 2 );margin-right: calc(-4% \/ 2 );\"><div class=\"fusion-layout-column fusion_builder_column fusion-builder-column-0 fusion_builder_column_1_1 1_1 fusion-flex-column\"><div class=\"fusion-column-wrapper fusion-flex-justify-content-flex-start fusion-content-layout-column\" style=\"background-position:left top;background-repeat:no-repeat;-webkit-background-size:cover;-moz-background-size:cover;-o-background-size:cover;background-size:cover;padding: 0px 0px 0px 0px;\"><div class=\"fusion-text fusion-text-1\"><h2>Finalizaron las primeras jornadas de participaci\u00f3n ciudadana del Plan Regulador Comunal de Futaleuf\u00fa<\/h2>\n<\/div><div class=\"fusion-separator\" style=\"align-self: flex-start;margin-right:auto;margin-bottom:40px;width:100%;max-width:50%;\"><div class=\"fusion-separator-border sep-single sep-solid\" style=\"border-color:#6ec1e4;border-top-width:2px;\"><\/div><\/div><div style=\"text-align:center;\"><span class=\"fusion-imageframe imageframe-glow imageframe-1 hover-type-none\" style=\"-webkit-box-shadow: 0 0 3px rgba(0,0,0,0.3);box-shadow: 0 0 3px rgba(0,0,0,0.3);\"><img decoding=\"async\" width=\"1024\" height=\"576\" title=\"portada noticia 2-2\" src=\"https:\/\/prcfutaleufu.cl\/wp-content\/uploads\/2021\/05\/portada-noticia-2-2-1024x576.jpg\" class=\"img-responsive wp-image-367\" srcset=\"https:\/\/prcfutaleufu.cl\/wp-content\/uploads\/2021\/05\/portada-noticia-2-2-200x113.jpg 200w, https:\/\/prcfutaleufu.cl\/wp-content\/uploads\/2021\/05\/portada-noticia-2-2-400x225.jpg 400w, https:\/\/prcfutaleufu.cl\/wp-content\/uploads\/2021\/05\/portada-noticia-2-2-600x338.jpg 600w, https:\/\/prcfutaleufu.cl\/wp-content\/uploads\/2021\/05\/portada-noticia-2-2-800x450.jpg 800w, https:\/\/prcfutaleufu.cl\/wp-content\/uploads\/2021\/05\/portada-noticia-2-2-1200x675.jpg 1200w\" sizes=\"(max-width: 640px) 100vw, 1200px\" \/><\/span><\/div><div class=\"fusion-separator\" style=\"align-self: flex-start;margin-right:auto;margin-bottom:40px;width:100%;max-width:50%;\"><\/div><div class=\"fusion-text fusion-text-2\"><p style=\"text-align: justify;\">Finalizaron las primeras jornadas de participaci\u00f3n ciudadana del Plan Regulador Comunal de Futaleuf\u00fa<\/p>\n<p style=\"text-align: justify;\">Durante la tarde de ayer, mi\u00e9rcoles 26 de mayo, finalizamos la primera jornada de an\u00e1lisis de estudio de Plan Regulador en nuestra comuna, actividad organizada por el municipio junto a la empresa consultora COREAL DESARROLLOS TECNOL\u00d3GICOS SPA, instancia que permiti\u00f3 la participaci\u00f3n ciudadana de distintos \u201cactores claves\u201d de Futaleuf\u00fa, que fueron invitados de forma preferencial debido a la situaci\u00f3n sanitaria del pa\u00eds.<\/p>\n<p style=\"text-align: justify;\">En estos 3 d\u00edas de trabajo, se realizaron 7 reuniones con adultos mayores, funcionarios\/as municipales, organizaciones territoriales, sociales e instituciones presentes en la comuna. Adem\u00e1s, durante esta ma\u00f1ana nos reunimos con el grupo de personas con discapacidad presentes en la comuna, ya que tienen mucho que aportar al Plan Regulador de la comuna.<\/p>\n<p style=\"text-align: justify;\">Este estudio PRC pretende lograr el \u201cordenamiento territorial de las diversas actividades de car\u00e1cter urbano presentes en la localidad de Futaleuf\u00fa\u201d. En este sentido, se resalta la importancia de la opini\u00f3n ciudadana a lo largo de todo el proceso que durar\u00e1 aproximadamente dos a\u00f1os.<\/p>\n<p style=\"text-align: justify;\">La invitaci\u00f3n que hoy hacemos es a asistir a las reuniones de Participaci\u00f3n Ciudadana que ser\u00e1n el pr\u00f3ximo mes, y ante cualquier duda o consulta escribir a www.prcfutaleufu.cl . Es importante destacar que aquellas personas interesadas en participar, pueden solicitarlo escribiendo un correo a prcfutaleufu@coreal.cl, indicando nombre completo, RUT, tel\u00e9fono de contacto y correo electr\u00f3nico.<\/p>\n<p style=\"text-align: justify;\">\u00a1Plan Regulador Comunal de Futaleuf\u00fa, estamos creando nuestro futuro!<\/p>\n<p>Link de la noticia: <a href=\"https:\/\/www.futaleufu.cl\/2021\/05\/26\/finalizo-primera-jornada-de-participacion-ciudadana-sobre-prc\/\" target=\"_blank\" rel=\"noopener\">https:\/\/www.futaleufu.cl\/2021\/05\/26\/finalizo-primera-jornada-de-participacion-ciudadana-sobre-prc\/<\/a><\/p>\n<\/div><div class=\"fusion-separator\" style=\"align-self: flex-start;margin-right:auto;margin-bottom:40px;width:100%;max-width:50%;\"><\/div><div style=\"text-align:center;\"><span class=\"fusion-imageframe imageframe-glow imageframe-2 hover-type-none\" style=\"-webkit-box-shadow: 0 0 3px rgba(0,0,0,0.3);box-shadow: 0 0 3px rgba(0,0,0,0.3);\"><img decoding=\"async\" width=\"1024\" height=\"576\" title=\"portada noticia 2-1\" src=\"https:\/\/prcfutaleufu.cl\/wp-content\/uploads\/2021\/05\/portada-noticia-2-1-1024x576.jpg\" class=\"img-responsive wp-image-366\" srcset=\"https:\/\/prcfutaleufu.cl\/wp-content\/uploads\/2021\/05\/portada-noticia-2-1-200x113.jpg 200w, https:\/\/prcfutaleufu.cl\/wp-content\/uploads\/2021\/05\/portada-noticia-2-1-400x225.jpg 400w, https:\/\/prcfutaleufu.cl\/wp-content\/uploads\/2021\/05\/portada-noticia-2-1-600x338.jpg 600w, https:\/\/prcfutaleufu.cl\/wp-content\/uploads\/2021\/05\/portada-noticia-2-1-800x450.jpg 800w, https:\/\/prcfutaleufu.cl\/wp-content\/uploads\/2021\/05\/portada-noticia-2-1-1200x675.jpg 1200w\" sizes=\"(max-width: 640px) 100vw, 1200px\" \/><\/span><\/div><\/div><style type=\"text\/css\">.fusion-body .fusion-builder-column-0{width:100% !important;margin-top : 0px;margin-bottom : 0px;}.fusion-builder-column-0 > .fusion-column-wrapper {padding-top : 0px !important;padding-right : 0px !important;margin-right : 1.92%;padding-bottom : 0px !important;padding-left : 0px !important;margin-left : 1.92%;}@media only screen and (max-width:1024px) {.fusion-body .fusion-builder-column-0{width:100% !important;order : 0;}.fusion-builder-column-0 > .fusion-column-wrapper {margin-right : 1.92%;margin-left : 1.92%;}}@media only screen and (max-width:640px) {.fusion-body .fusion-builder-column-0{width:100% !important;order : 0;}.fusion-builder-column-0 > .fusion-column-wrapper {margin-right : 1.92%;margin-left : 1.92%;}}<\/style><\/div><\/div><style type=\"text\/css\">.fusion-body .fusion-flex-container.fusion-builder-row-1{ padding-top : 0px;margin-top : 0px;padding-right : 0px;padding-bottom : 0px;margin-bottom : 0px;padding-left : 0px;}<\/style><\/div>","protected":false},"excerpt":{"rendered":"","protected":false},"author":1,"featured_media":0,"parent":0,"menu_order":0,"comment_status":"closed","ping_status":"closed","template":"","meta":{"footnotes":""},"class_list":["post-360","page","type-page","status-publish","hentry"],"_links":{"self":[{"href":"https:\/\/prcfutaleufu.cl\/en\/wp-json\/wp\/v2\/pages\/360","targetHints":{"allow":["GET"]}}],"collection":[{"href":"https:\/\/prcfutaleufu.cl\/en\/wp-json\/wp\/v2\/pages"}],"about":[{"href":"https:\/\/prcfutaleufu.cl\/en\/wp-json\/wp\/v2\/types\/page"}],"author":[{"embeddable":true,"href":"https:\/\/prcfutaleufu.cl\/en\/wp-json\/wp\/v2\/users\/1"}],"replies":[{"embeddable":true,"href":"https:\/\/prcfutaleufu.cl\/en\/wp-json\/wp\/v2\/comments?post=360"}],"version-history":[{"count":6,"href":"https:\/\/prcfutaleufu.cl\/en\/wp-json\/wp\/v2\/pages\/360\/revisions"}],"predecessor-version":[{"id":371,"href":"https:\/\/prcfutaleufu.cl\/en\/wp-json\/wp\/v2\/pages\/360\/revisions\/371"}],"wp:attachment":[{"href":"https:\/\/prcfutaleufu.cl\/en\/wp-json\/wp\/v2\/media?parent=360"}],"curies":[{"name":"wp","href":"https:\/\/api.w.org\/{rel}","templated":true}]}}

Finalizaron las primeras jornadas de participación ciudadana del Plan Regulador Comunal de Futaleufú

<div class="fusion-fullwidth fullwidth-box fusion-builder-row-1 fusion-flex-container nonhundred-percent-fullwidth non-hundred-percent-height-scrolling" style="background-color: rgba(255,255,255,0);background-position: center center;background-repeat: no-repeat;border-width: 0px 0px 0px 0px;border-color:#e2e2e2;border-style:solid;" ><div class="fusion-builder-row fusion-row fusion-flex-align-items-flex-start" style="max-width:1248px;margin-left: calc(-4% / 2 );margin-right: calc(-4% / 2 );"><div class="fusion-layout-column fusion_builder_column fusion-builder-column-0 fusion_builder_column_1_1 1_1 fusion-flex-column"><div class="fusion-column-wrapper fusion-flex-justify-content-flex-start fusion-content-layout-column" style="background-position:left top;background-repeat:no-repeat;-webkit-background-size:cover;-moz-background-size:cover;-o-background-size:cover;background-size:cover;padding: 0px 0px 0px 0px;"><div class="fusion-text fusion-text-1"><h2>Finalizaron las primeras jornadas de participación ciudadana del Plan Regulador Comunal de Futaleufú</h2>
</div><div class="fusion-separator" style="align-self: flex-start;margin-right:auto;margin-bottom:40px;width:100%;max-width:50%;"><div class="fusion-separator-border sep-single sep-solid" style="border-color:#6ec1e4;border-top-width:2px;"></div></div><div style="text-align:center;"><span class="fusion-imageframe imageframe-glow imageframe-1 hover-type-none" style="-webkit-box-shadow: 0 0 3px rgba(0,0,0,0.3);box-shadow: 0 0 3px rgba(0,0,0,0.3);"><img decoding="async" width="1024" height="576" title="portada noticia 2-2" src="https://prcfutaleufu.cl/wp-content/uploads/2021/05/portada-noticia-2-2-1024x576.jpg" class="img-responsive wp-image-367" srcset="https://prcfutaleufu.cl/wp-content/uploads/2021/05/portada-noticia-2-2-200x113.jpg 200w, https://prcfutaleufu.cl/wp-content/uploads/2021/05/portada-noticia-2-2-400x225.jpg 400w, https://prcfutaleufu.cl/wp-content/uploads/2021/05/portada-noticia-2-2-600x338.jpg 600w, https://prcfutaleufu.cl/wp-content/uploads/2021/05/portada-noticia-2-2-800x450.jpg 800w, https://prcfutaleufu.cl/wp-content/uploads/2021/05/portada-noticia-2-2-1200x675.jpg 1200w" sizes="(max-width: 640px) 100vw, 1200px" /></span></div><div class="fusion-separator" style="align-self: flex-start;margin-right:auto;margin-bottom:40px;width:100%;max-width:50%;"></div><div class="fusion-text fusion-text-2"><p style="text-align: justify;">Finalizaron las primeras jornadas de participación ciudadana del Plan Regulador Comunal de Futaleufú</p>
<p style="text-align: justify;">Durante la tarde de ayer, miércoles 26 de mayo, finalizamos la primera jornada de análisis de estudio de Plan Regulador en nuestra comuna, actividad organizada por el municipio junto a la empresa consultora COREAL DESARROLLOS TECNOLÓGICOS SPA, instancia que permitió la participación ciudadana de distintos “actores claves” de Futaleufú, que fueron invitados de forma preferencial debido a la situación sanitaria del país.</p>
<p style="text-align: justify;">En estos 3 días de trabajo, se realizaron 7 reuniones con adultos mayores, funcionarios/as municipales, organizaciones territoriales, sociales e instituciones presentes en la comuna. Además, durante esta mañana nos reunimos con el grupo de personas con discapacidad presentes en la comuna, ya que tienen mucho que aportar al Plan Regulador de la comuna.</p>
<p style="text-align: justify;">Este estudio PRC pretende lograr el “ordenamiento territorial de las diversas actividades de carácter urbano presentes en la localidad de Futaleufú”. En este sentido, se resalta la importancia de la opinión ciudadana a lo largo de todo el proceso que durará aproximadamente dos años.</p>
<p style="text-align: justify;">La invitación que hoy hacemos es a asistir a las reuniones de Participación Ciudadana que serán el próximo mes, y ante cualquier duda o consulta escribir a www.prcfutaleufu.cl . Es importante destacar que aquellas personas interesadas en participar, pueden solicitarlo escribiendo un correo a prcfutaleufu@coreal.cl, indicando nombre completo, RUT, teléfono de contacto y correo electrónico.</p>
<p style="text-align: justify;">¡Plan Regulador Comunal de Futaleufú, estamos creando nuestro futuro!</p>
<p>Link de la noticia: <a href="https://www.futaleufu.cl/2021/05/26/finalizo-primera-jornada-de-participacion-ciudadana-sobre-prc/" target="_blank" rel="noopener">https://www.futaleufu.cl/2021/05/26/finalizo-primera-jornada-de-participacion-ciudadana-sobre-prc/</a></p>
</div><div class="fusion-separator" style="align-self: flex-start;margin-right:auto;margin-bottom:40px;width:100%;max-width:50%;"></div><div style="text-align:center;"><span class="fusion-imageframe imageframe-glow imageframe-2 hover-type-none" style="-webkit-box-shadow: 0 0 3px rgba(0,0,0,0.3);box-shadow: 0 0 3px rgba(0,0,0,0.3);"><img decoding="async" width="1024" height="576" title="portada noticia 2-1" src="https://prcfutaleufu.cl/wp-content/uploads/2021/05/portada-noticia-2-1-1024x576.jpg" class="img-responsive wp-image-366" srcset="https://prcfutaleufu.cl/wp-content/uploads/2021/05/portada-noticia-2-1-200x113.jpg 200w, https://prcfutaleufu.cl/wp-content/uploads/2021/05/portada-noticia-2-1-400x225.jpg 400w, https://prcfutaleufu.cl/wp-content/uploads/2021/05/portada-noticia-2-1-600x338.jpg 600w, https://prcfutaleufu.cl/wp-content/uploads/2021/05/portada-noticia-2-1-800x450.jpg 800w, https://prcfutaleufu.cl/wp-content/uploads/2021/05/portada-noticia-2-1-1200x675.jpg 1200w" sizes="(max-width: 640px) 100vw, 1200px" /></span></div></div><style type="text/css">.fusion-body .fusion-builder-column-0{width:100% !important;margin-top : 0px;margin-bottom : 0px;}.fusion-builder-column-0 > .fusion-column-wrapper {padding-top : 0px !important;padding-right : 0px !important;margin-right : 1.92%;padding-bottom : 0px !important;padding-left : 0px !important;margin-left : 1.92%;}@media only screen and (max-width:1024px) {.fusion-body .fusion-builder-column-0{width:100% !important;order : 0;}.fusion-builder-column-0 > .fusion-column-wrapper {margin-right : 1.92%;margin-left : 1.92%;}}@media only screen and (max-width:640px) {.fusion-body .fusion-builder-column-0{width:100% !important;order : 0;}.fusion-builder-column-0 > .fusion-column-wrapper {margin-right : 1.92%;margin-left : 1.92%;}}</style></div></div><style type="text/css">.fusion-body .fusion-flex-container.fusion-builder-row-1{ padding-top : 0px;margin-top : 0px;padding-right : 0px;padding-bottom : 0px;margin-bottom : 0px;padding-left : 0px;}</style></div>
