{"id":261,"date":"2021-05-04T12:43:52","date_gmt":"2021-05-04T12:43:52","guid":{"rendered":"https:\/\/prcfutaleufu.cl\/?page_id=261"},"modified":"2021-05-12T10:24:56","modified_gmt":"2021-05-12T10:24:56","slug":"futaleufu-obtiene-el-primer-lugar-internacional-como-destino-turistico-sostenible","status":"publish","type":"page","link":"https:\/\/prcfutaleufu.cl\/en\/futaleufu-obtiene-el-primer-lugar-internacional-como-destino-turistico-sostenible\/","title":{"rendered":"Futaleuf\u00fa obtains the first international place as a sustainable tourist destination"},"content":{"rendered":"<div class=\"fusion-fullwidth fullwidth-box fusion-builder-row-1 fusion-flex-container nonhundred-percent-fullwidth non-hundred-percent-height-scrolling\" style=\"background-color: rgba(255,255,255,0);background-position: center center;background-repeat: no-repeat;border-width: 0px 0px 0px 0px;border-color:#e2e2e2;border-style:solid;\" ><div class=\"fusion-builder-row fusion-row fusion-flex-align-items-flex-start\" style=\"max-width:1248px;margin-left: calc(-4% \/ 2 );margin-right: calc(-4% \/ 2 );\"><div class=\"fusion-layout-column fusion_builder_column fusion-builder-column-0 fusion_builder_column_1_1 1_1 fusion-flex-column\"><div class=\"fusion-column-wrapper fusion-flex-justify-content-flex-start fusion-content-layout-column\" style=\"background-position:left top;background-repeat:no-repeat;-webkit-background-size:cover;-moz-background-size:cover;-o-background-size:cover;background-size:cover;padding: 0px 0px 0px 0px;\"><div class=\"fusion-text fusion-text-1\"><h2 class=\"titulo-single\">Futaleuf\u00fa obtains the first international place as a sustainable tourist destination<\/h2>\n<\/div><div class=\"fusion-separator\" style=\"align-self: flex-start;margin-right:auto;margin-bottom:40px;width:100%;max-width:50%;\"><div class=\"fusion-separator-border sep-single sep-solid\" style=\"border-color:#6ec1e4;border-top-width:2px;\"><\/div><\/div><div ><span class=\"fusion-imageframe imageframe-none imageframe-1 hover-type-none\"><img decoding=\"async\" width=\"1200\" height=\"600\" title=\"noticia futaleufu\" src=\"https:\/\/prcfutaleufu.cl\/wp-content\/uploads\/2021\/05\/noticia-futaleufu.jpg\" class=\"img-responsive wp-image-288\" srcset=\"https:\/\/prcfutaleufu.cl\/wp-content\/uploads\/2021\/05\/noticia-futaleufu-200x100.jpg 200w, https:\/\/prcfutaleufu.cl\/wp-content\/uploads\/2021\/05\/noticia-futaleufu-400x200.jpg 400w, https:\/\/prcfutaleufu.cl\/wp-content\/uploads\/2021\/05\/noticia-futaleufu-600x300.jpg 600w, https:\/\/prcfutaleufu.cl\/wp-content\/uploads\/2021\/05\/noticia-futaleufu-800x400.jpg 800w, https:\/\/prcfutaleufu.cl\/wp-content\/uploads\/2021\/05\/noticia-futaleufu.jpg 1200w\" sizes=\"(max-width: 640px) 100vw, 1200px\" \/><\/span><\/div><div class=\"fusion-separator\" style=\"align-self: flex-start;margin-right:auto;margin-bottom:40px;width:100%;max-width:50%;\"><\/div><div class=\"fusion-text fusion-text-2\"><h3 style=\"text-align: justify;\">El destino tambi\u00e9n fue reconocido con el tercer lugar en el concurso \u201cGreen Destinations People\u00b4s Choice Award\u201d, que dependi\u00f3 del voto online de la comunidad global, respaldado por una asociaci\u00f3n mundial de representantes, organizaciones expertas e instituciones acad\u00e9micas lideradas por la Fundaci\u00f3n Green Destinations.<\/h3>\n<p style=\"text-align: justify;\">La Feria de Turismo ITB de Berl\u00edn 2021, que est\u00e1 dirigida a profesionales de la industria y p\u00fablico general, otorg\u00f3 a Futaleuf\u00fa el primer lugar con el reconocimiento \u201cEarth Award\u201d, por ser el destino que mejor ejemplifica a nivel mundial la resiliencia tur\u00edstica y las buenas pr\u00e1cticas sostenibles, llevadas a cabo por sus m\u00e1s de 2 mil habitantes.<\/p>\n<p style=\"text-align: justify;\">La ITB Berl\u00edn es la plataforma de negocios m\u00e1s importante para la oferta tur\u00edstica global reuniendo en un solo lugar a los tomadores de decisiones de 180 pa\u00edses, de los 5 continentes, y a\u00f1o a a\u00f1o re\u00fane a m\u00e1s de 100 mil personas.<\/p>\n<p style=\"text-align: justify;\">Paulina Ros, directora de Sernatur Los Lagos, enfatiz\u00f3 que \u201cse est\u00e1 visibilizando el trabajo que realizan los empresarios tur\u00edsticos, la comunidad en general y el departamento de turismo municipal de Futaleuf\u00fa por ser cada d\u00eda un destino m\u00e1s sostenible y responsable\u201d.<\/p>\n<p style=\"text-align: justify;\">En este concurso Futaleuf\u00fa fue la \u00fanica comuna que represent\u00f3 al pa\u00eds y compiti\u00f3 con destinos de Brasil, Filipinas y Estonia, entre otros.<\/p>\n<p style=\"text-align: justify;\">Fue premiado por sus buenas pr\u00e1cticas en materia de medio ambiente, por sus acciones en relaci\u00f3n al cambio clim\u00e1tico y cuidado del entorno natural. Espec\u00edficamente por el trabajo que comenz\u00f3 a gestarse en 2012 con el Plan de Minimizaci\u00f3n de Residuos S\u00f3lidos Domiciliarios, la construcci\u00f3n del Centro de Tratamiento Integral de Residuos en 2016, la Ordenanza de Manejos de Residuos Domiciliarios y las acciones que realiza toda la comunidad en forma diaria.<\/p>\n<p style=\"text-align: justify;\">Natalia Baeza, coordinadora de la oficina de Turismo de Futaleuf\u00fa, explic\u00f3 que \u201cel primer lugar tiene que ver con el impulso que necesitamos como destino, sobre todo en estos tiempos de pandemia, para poder seguir mejorando para seguir avanzando, porque si bien es cierto que obtuvimos un primer lugar, ning\u00fan destino es cien por ciento sostenible y hay cosas en las que hay que avanzar. Entonces no significa que ahora no vamos a hacer nada m\u00e1s, sino que al contrario tenemos otro impulso m\u00e1s para poder seguir creciendo\u201d.<\/p>\n<p style=\"text-align: justify;\">\u201cNosotros queremos hacer un reconocimiento al equipo que est\u00e1 detr\u00e1s, al recolector de basura, a los chicos que est\u00e1n detr\u00e1s del cami\u00f3n, a los chicos del departamento de residuos que son los que hacen la selecci\u00f3n de la basura y preparan el material para el compost. Entonces nuestro primer agradecimiento es hacia ellos y hacia la comunidad, porque al final nosotros somos gestores de estas instancias, pero el trabajo lo hace todo Futaleuf\u00fa. Lo hacemos todos\u201d, agreg\u00f3.<\/p>\n<div class=\"publicidadNotas\" style=\"text-align: justify;\"><\/div>\n<p style=\"text-align: justify;\">La comuna adem\u00e1s recibi\u00f3 el tercer lugar en el \u201cGreen Destinations People&#8217;s Choice Award\u201d que destaca a destinos locales y regionales de todo el mundo que est\u00e1n dando pasos graduales y progresando hacia una industria m\u00e1s sostenible. El objetivo de esta iniciativa, desde hace siete a\u00f1os, es compartir historias de turismo innovador amigable con el medio ambiente, destacando las buenas pr\u00e1cticas de gesti\u00f3n como ejemplos inspiradores para otros operadores tur\u00edsticos y turistas.<\/p>\n<p style=\"text-align: justify;\">\u201cEl segundo reconocimiento es muy valorado por la comunidad porque fue la elecci\u00f3n del p\u00fablico, por votaci\u00f3n popular. Ah\u00ed tuvimos el apoyo de varios medios nacionales, de Sernatur Los Lagos y toda esa difusi\u00f3n que hicimos en conjunto a nivel pa\u00eds que sirvi\u00f3 para que gan\u00e1ramos el tercer lugar en este reconocimiento, que es justamente eso, el lugar que la gente elige\u201d, destac\u00f3 \u00a0Baeza.<\/p>\n<p style=\"text-align: justify;\">La comunidad de Futaluf\u00fa espera seguir mejorando sus procesos de recolecci\u00f3n de basura en los sectores rurales. En una etapa inicial el proyecto piloto fue solamente para el \u00e1rea urbana, pero ahora pretenden implementar un plan enfocado espec\u00edficamente en los sectores campesinos. En materia de sostenibilidad buscan avanzar en el rescate patrimonial, en la valorizaci\u00f3n de su historia, cultura y medio ambiente.<\/p>\n<p style=\"text-align: justify;\">Para lograr estos objetivos los profesionales de la Municipalidad de Futaluf\u00fa cuentan con la ayuda de los representantes de la Organizaci\u00f3n Mundial de Turismo (OMT) en Chile.<\/p>\n<p style=\"text-align: justify;\">Felipe Vera, representante de Green Destinations en Chile y miembro del panel de expertos de la OMT, expres\u00f3 \u201ceste premio viene a reconocer los esfuerzos que Futaleuf\u00fa ha realizado desde la d\u00e9cada pasada en materia de sostenibilidad, ejemplificado en el Centro de Tratamiento Integral de Residuos, un \u00edcono para la regi\u00f3n de Los Lagos y el pa\u00eds en temas de separaci\u00f3n y disposici\u00f3n de residuos\u201d.<\/p>\n<p style=\"text-align: justify;\">Por eso este 2021 se continuar\u00e1 trabajando para identificar brechas en materia de gesti\u00f3n del destino, algo medular del proceso llevado a cabo por Green Destinations y su representante en Chile. Este trabajo impacta positivamente al destino en su conjunto ya que busca un ordenamiento de la actividad tur\u00edstica en el territorio, que permita proteger el patrimonio y los estilos de vida local.<\/p>\n<p><strong>Noticia: por\u00a0<a href=\"https:\/\/www.elmostrador.cl\/autor\/generacion-m\/\" rel=\"author noopener\" target=\"_blank\">Generaci\u00f3n M<\/a>,\u00a0 18 marzo, 2021<\/strong><br \/>\n<strong>URL: <a href=\"https:\/\/www.elmostrador.cl\/generacion-m\/2021\/03\/18\/futaleufu-obtiene-el-primer-lugar-internacional-como-destino-turistico-sostenible\/\" target=\"_blank\" rel=\"noopener\">www.elmostrador.cl\/generacion-m\/2021\/03\/18\/futaleufu-obtiene-el-primer-lugar-internacional-como-destino-turistico-sostenible\/<\/a><\/strong><\/p>\n<\/div><\/div><style type=\"text\/css\">.fusion-body .fusion-builder-column-0{width:100% !important;margin-top : 0px;margin-bottom : 0px;}.fusion-builder-column-0 > .fusion-column-wrapper {padding-top : 0px !important;padding-right : 0px !important;margin-right : 1.92%;padding-bottom : 0px !important;padding-left : 0px !important;margin-left : 1.92%;}@media only screen and (max-width:1024px) {.fusion-body .fusion-builder-column-0{width:100% !important;order : 0;}.fusion-builder-column-0 > .fusion-column-wrapper {margin-right : 1.92%;margin-left : 1.92%;}}@media only screen and (max-width:640px) {.fusion-body .fusion-builder-column-0{width:100% !important;order : 0;}.fusion-builder-column-0 > .fusion-column-wrapper {margin-right : 1.92%;margin-left : 1.92%;}}<\/style><\/div><\/div><style type=\"text\/css\">.fusion-body .fusion-flex-container.fusion-builder-row-1{ padding-top : 0px;margin-top : 0px;padding-right : 0px;padding-bottom : 0px;margin-bottom : 0px;padding-left : 0px;}<\/style><\/div>","protected":false},"excerpt":{"rendered":"","protected":false},"author":1,"featured_media":0,"parent":0,"menu_order":0,"comment_status":"closed","ping_status":"closed","template":"","meta":{"footnotes":""},"class_list":["post-261","page","type-page","status-publish","hentry"],"_links":{"self":[{"href":"https:\/\/prcfutaleufu.cl\/en\/wp-json\/wp\/v2\/pages\/261","targetHints":{"allow":["GET"]}}],"collection":[{"href":"https:\/\/prcfutaleufu.cl\/en\/wp-json\/wp\/v2\/pages"}],"about":[{"href":"https:\/\/prcfutaleufu.cl\/en\/wp-json\/wp\/v2\/types\/page"}],"author":[{"embeddable":true,"href":"https:\/\/prcfutaleufu.cl\/en\/wp-json\/wp\/v2\/users\/1"}],"replies":[{"embeddable":true,"href":"https:\/\/prcfutaleufu.cl\/en\/wp-json\/wp\/v2\/comments?post=261"}],"version-history":[{"count":9,"href":"https:\/\/prcfutaleufu.cl\/en\/wp-json\/wp\/v2\/pages\/261\/revisions"}],"predecessor-version":[{"id":290,"href":"https:\/\/prcfutaleufu.cl\/en\/wp-json\/wp\/v2\/pages\/261\/revisions\/290"}],"wp:attachment":[{"href":"https:\/\/prcfutaleufu.cl\/en\/wp-json\/wp\/v2\/media?parent=261"}],"curies":[{"name":"wp","href":"https:\/\/api.w.org\/{rel}","templated":true}]}}

Futaleufú obtains the first international place as a sustainable tourist destination

<div class="fusion-fullwidth fullwidth-box fusion-builder-row-1 fusion-flex-container nonhundred-percent-fullwidth non-hundred-percent-height-scrolling" style="background-color: rgba(255,255,255,0);background-position: center center;background-repeat: no-repeat;border-width: 0px 0px 0px 0px;border-color:#e2e2e2;border-style:solid;" ><div class="fusion-builder-row fusion-row fusion-flex-align-items-flex-start" style="max-width:1248px;margin-left: calc(-4% / 2 );margin-right: calc(-4% / 2 );"><div class="fusion-layout-column fusion_builder_column fusion-builder-column-0 fusion_builder_column_1_1 1_1 fusion-flex-column"><div class="fusion-column-wrapper fusion-flex-justify-content-flex-start fusion-content-layout-column" style="background-position:left top;background-repeat:no-repeat;-webkit-background-size:cover;-moz-background-size:cover;-o-background-size:cover;background-size:cover;padding: 0px 0px 0px 0px;"><div class="fusion-text fusion-text-1"><h2 class="titulo-single">Futaleufú obtains the first international place as a sustainable tourist destination</h2>
</div><div class="fusion-separator" style="align-self: flex-start;margin-right:auto;margin-bottom:40px;width:100%;max-width:50%;"><div class="fusion-separator-border sep-single sep-solid" style="border-color:#6ec1e4;border-top-width:2px;"></div></div><div ><span class="fusion-imageframe imageframe-none imageframe-1 hover-type-none"><img decoding="async" width="1200" height="600" title="noticia futaleufu" src="https://prcfutaleufu.cl/wp-content/uploads/2021/05/noticia-futaleufu.jpg" class="img-responsive wp-image-288" srcset="https://prcfutaleufu.cl/wp-content/uploads/2021/05/noticia-futaleufu-200x100.jpg 200w, https://prcfutaleufu.cl/wp-content/uploads/2021/05/noticia-futaleufu-400x200.jpg 400w, https://prcfutaleufu.cl/wp-content/uploads/2021/05/noticia-futaleufu-600x300.jpg 600w, https://prcfutaleufu.cl/wp-content/uploads/2021/05/noticia-futaleufu-800x400.jpg 800w, https://prcfutaleufu.cl/wp-content/uploads/2021/05/noticia-futaleufu.jpg 1200w" sizes="(max-width: 640px) 100vw, 1200px" /></span></div><div class="fusion-separator" style="align-self: flex-start;margin-right:auto;margin-bottom:40px;width:100%;max-width:50%;"></div><div class="fusion-text fusion-text-2"><h3 style="text-align: justify;">El destino también fue reconocido con el tercer lugar en el concurso “Green Destinations People´s Choice Award”, que dependió del voto online de la comunidad global, respaldado por una asociación mundial de representantes, organizaciones expertas e instituciones académicas lideradas por la Fundación Green Destinations.</h3>
<p style="text-align: justify;">La Feria de Turismo ITB de Berlín 2021, que está dirigida a profesionales de la industria y público general, otorgó a Futaleufú el primer lugar con el reconocimiento “Earth Award”, por ser el destino que mejor ejemplifica a nivel mundial la resiliencia turística y las buenas prácticas sostenibles, llevadas a cabo por sus más de 2 mil habitantes.</p>
<p style="text-align: justify;">La ITB Berlín es la plataforma de negocios más importante para la oferta turística global reuniendo en un solo lugar a los tomadores de decisiones de 180 países, de los 5 continentes, y año a año reúne a más de 100 mil personas.</p>
<p style="text-align: justify;">Paulina Ros, directora de Sernatur Los Lagos, enfatizó que “se está visibilizando el trabajo que realizan los empresarios turísticos, la comunidad en general y el departamento de turismo municipal de Futaleufú por ser cada día un destino más sostenible y responsable”.</p>
<p style="text-align: justify;">En este concurso Futaleufú fue la única comuna que representó al país y compitió con destinos de Brasil, Filipinas y Estonia, entre otros.</p>
<p style="text-align: justify;">Fue premiado por sus buenas prácticas en materia de medio ambiente, por sus acciones en relación al cambio climático y cuidado del entorno natural. Específicamente por el trabajo que comenzó a gestarse en 2012 con el Plan de Minimización de Residuos Sólidos Domiciliarios, la construcción del Centro de Tratamiento Integral de Residuos en 2016, la Ordenanza de Manejos de Residuos Domiciliarios y las acciones que realiza toda la comunidad en forma diaria.</p>
<p style="text-align: justify;">Natalia Baeza, coordinadora de la oficina de Turismo de Futaleufú, explicó que “el primer lugar tiene que ver con el impulso que necesitamos como destino, sobre todo en estos tiempos de pandemia, para poder seguir mejorando para seguir avanzando, porque si bien es cierto que obtuvimos un primer lugar, ningún destino es cien por ciento sostenible y hay cosas en las que hay que avanzar. Entonces no significa que ahora no vamos a hacer nada más, sino que al contrario tenemos otro impulso más para poder seguir creciendo”.</p>
<p style="text-align: justify;">“Nosotros queremos hacer un reconocimiento al equipo que está detrás, al recolector de basura, a los chicos que están detrás del camión, a los chicos del departamento de residuos que son los que hacen la selección de la basura y preparan el material para el compost. Entonces nuestro primer agradecimiento es hacia ellos y hacia la comunidad, porque al final nosotros somos gestores de estas instancias, pero el trabajo lo hace todo Futaleufú. Lo hacemos todos”, agregó.</p>
<div class="publicidadNotas" style="text-align: justify;"></div>
<p style="text-align: justify;">La comuna además recibió el tercer lugar en el “Green Destinations People&#8217;s Choice Award” que destaca a destinos locales y regionales de todo el mundo que están dando pasos graduales y progresando hacia una industria más sostenible. El objetivo de esta iniciativa, desde hace siete años, es compartir historias de turismo innovador amigable con el medio ambiente, destacando las buenas prácticas de gestión como ejemplos inspiradores para otros operadores turísticos y turistas.</p>
<p style="text-align: justify;">“El segundo reconocimiento es muy valorado por la comunidad porque fue la elección del público, por votación popular. Ahí tuvimos el apoyo de varios medios nacionales, de Sernatur Los Lagos y toda esa difusión que hicimos en conjunto a nivel país que sirvió para que ganáramos el tercer lugar en este reconocimiento, que es justamente eso, el lugar que la gente elige”, destacó  Baeza.</p>
<p style="text-align: justify;">La comunidad de Futalufú espera seguir mejorando sus procesos de recolección de basura en los sectores rurales. En una etapa inicial el proyecto piloto fue solamente para el área urbana, pero ahora pretenden implementar un plan enfocado específicamente en los sectores campesinos. En materia de sostenibilidad buscan avanzar en el rescate patrimonial, en la valorización de su historia, cultura y medio ambiente.</p>
<p style="text-align: justify;">Para lograr estos objetivos los profesionales de la Municipalidad de Futalufú cuentan con la ayuda de los representantes de la Organización Mundial de Turismo (OMT) en Chile.</p>
<p style="text-align: justify;">Felipe Vera, representante de Green Destinations en Chile y miembro del panel de expertos de la OMT, expresó “este premio viene a reconocer los esfuerzos que Futaleufú ha realizado desde la década pasada en materia de sostenibilidad, ejemplificado en el Centro de Tratamiento Integral de Residuos, un ícono para la región de Los Lagos y el país en temas de separación y disposición de residuos”.</p>
<p style="text-align: justify;">Por eso este 2021 se continuará trabajando para identificar brechas en materia de gestión del destino, algo medular del proceso llevado a cabo por Green Destinations y su representante en Chile. Este trabajo impacta positivamente al destino en su conjunto ya que busca un ordenamiento de la actividad turística en el territorio, que permita proteger el patrimonio y los estilos de vida local.</p>
<p><strong>Noticia: por <a href="https://www.elmostrador.cl/autor/generacion-m/" rel="author noopener" target="_blank">Generación M</a>,  18 marzo, 2021</strong><br />
<strong>URL: <a href="https://www.elmostrador.cl/generacion-m/2021/03/18/futaleufu-obtiene-el-primer-lugar-internacional-como-destino-turistico-sostenible/" target="_blank" rel="noopener">www.elmostrador.cl/generacion-m/2021/03/18/futaleufu-obtiene-el-primer-lugar-internacional-como-destino-turistico-sostenible/</a></strong></p>
</div></div><style type="text/css">.fusion-body .fusion-builder-column-0{width:100% !important;margin-top : 0px;margin-bottom : 0px;}.fusion-builder-column-0 > .fusion-column-wrapper {padding-top : 0px !important;padding-right : 0px !important;margin-right : 1.92%;padding-bottom : 0px !important;padding-left : 0px !important;margin-left : 1.92%;}@media only screen and (max-width:1024px) {.fusion-body .fusion-builder-column-0{width:100% !important;order : 0;}.fusion-builder-column-0 > .fusion-column-wrapper {margin-right : 1.92%;margin-left : 1.92%;}}@media only screen and (max-width:640px) {.fusion-body .fusion-builder-column-0{width:100% !important;order : 0;}.fusion-builder-column-0 > .fusion-column-wrapper {margin-right : 1.92%;margin-left : 1.92%;}}</style></div></div><style type="text/css">.fusion-body .fusion-flex-container.fusion-builder-row-1{ padding-top : 0px;margin-top : 0px;padding-right : 0px;padding-bottom : 0px;margin-bottom : 0px;padding-left : 0px;}</style></div>
